Last updated on 2024-05-04 09:49:28 CEST.
Flavor | Version | Tinstall | Tcheck | Ttotal | Status | Flags |
---|---|---|---|---|---|---|
r-devel-linux-x86_64-debian-clang | 2.3-3 | 80.53 | 463.54 | 544.07 | OK | |
r-devel-linux-x86_64-debian-gcc | 2.3-3 | 66.25 | 318.95 | 385.20 | OK | |
r-devel-linux-x86_64-fedora-clang | 2.3-3 | 658.34 | NOTE | |||
r-devel-linux-x86_64-fedora-gcc | 2.3-3 | 674.59 | OK | |||
r-devel-windows-x86_64 | 2.3-3 | 63.00 | 347.00 | 410.00 | OK | |
r-patched-linux-x86_64 | 2.3-3 | 84.47 | 436.50 | 520.97 | OK | |
r-release-linux-x86_64 | 2.3-3 | 68.77 | 431.33 | 500.10 | OK | |
r-release-macos-arm64 | 2.3-3 | 142.00 | OK | |||
r-release-windows-x86_64 | 2.3-3 | 67.00 | 327.00 | 394.00 | OK | |
r-oldrel-macos-arm64 | 2.3-3 | 150.00 | OK | |||
r-oldrel-macos-x86_64 | 2.3-3 | 383.00 | OK | |||
r-oldrel-windows-x86_64 | 2.3-3 | 90.00 | 408.00 | 498.00 | OK |
Version: 2.3-3
Check: Rd cross-references
Result: NOTE
Undeclared packages ‘multcomp’, ‘gmodels’ in Rd xrefs
Flavor: r-devel-linux-x86_64-fedora-clang