Last updated on 2024-05-04 09:49:28 CEST.
Flavor | Version | Tinstall | Tcheck | Ttotal | Status | Flags |
---|---|---|---|---|---|---|
r-devel-linux-x86_64-debian-clang | 0.0.4.1 | 60.43 | 56.35 | 116.78 | NOTE | |
r-devel-linux-x86_64-debian-gcc | 0.0.4.1 | 42.85 | 43.19 | 86.04 | NOTE | |
r-devel-linux-x86_64-fedora-clang | 0.0.4.1 | 155.53 | NOTE | |||
r-devel-linux-x86_64-fedora-gcc | 0.0.4.1 | 172.57 | NOTE | |||
r-devel-windows-x86_64 | 0.0.4.1 | 46.00 | 88.00 | 134.00 | NOTE | |
r-patched-linux-x86_64 | 0.0.4.1 | 54.73 | 56.03 | 110.76 | NOTE | |
r-release-linux-x86_64 | 0.0.4.1 | 55.25 | 55.14 | 110.39 | NOTE | |
r-release-macos-arm64 | 0.0.4.1 | 37.00 | NOTE | |||
r-release-windows-x86_64 | 0.0.4.1 | 43.00 | 85.00 | 128.00 | NOTE | |
r-oldrel-macos-arm64 | 0.0.4.1 | 49.00 | OK | |||
r-oldrel-macos-x86_64 | 0.0.4.1 | 80.00 | OK | |||
r-oldrel-windows-x86_64 | 0.0.4.1 | 52.00 | 97.00 | 149.00 | OK |
Version: 0.0.4.1
Check: Rd files
Result: NOTE
checkRd: (-1) ASBT.Rd:36-37: Lost braces
36 | \item{method}{Method for aggregating across categories: {"none", "max",
| ^
checkRd: (-1) Aggregator.Rd:26: Lost braces; missing escapes or markup?
26 | {"none", "max", "sum"}. Default: "none".}
| ^
checkRd: (-1) DGP.Rd:72: Lost braces in \itemize; meant \describe ?
checkRd: (-1) DGP.Rd:73: Lost braces in \itemize; meant \describe ?
checkRd: (-1) DGP.Rd:74: Lost braces in \itemize; meant \describe ?
checkRd: (-1) DGP.Rd:75: Lost braces in \itemize; meant \describe ?
checkRd: (-1) OLS.Rd:17: Lost braces in \itemize; \value handles \item{}{} directly
checkRd: (-1) OLS.Rd:18: Lost braces in \itemize; \value handles \item{}{} directly
checkRd: (-1) OLS.Rd:19: Lost braces in \itemize; \value handles \item{}{} directly
checkRd: (-1) OLS.Rd:20: Lost braces in \itemize; \value handles \item{}{} directly
Flavors: r-devel-linux-x86_64-debian-clang, r-devel-linux-x86_64-debian-gcc, r-devel-linux-x86_64-fedora-clang, r-devel-linux-x86_64-fedora-gcc, r-devel-windows-x86_64, r-patched-linux-x86_64, r-release-linux-x86_64, r-release-macos-arm64, r-release-windows-x86_64