Last updated on 2024-05-02 13:49:49 CEST.
Flavor | Version | Tinstall | Tcheck | Ttotal | Status | Flags |
---|---|---|---|---|---|---|
r-devel-linux-x86_64-debian-clang | 0.3-1 | 9.71 | 74.61 | 84.32 | NOTE | |
r-devel-linux-x86_64-debian-gcc | 0.3-1 | 6.34 | 54.84 | 61.18 | NOTE | |
r-devel-linux-x86_64-fedora-clang | 0.3-1 | 101.37 | NOTE | |||
r-devel-linux-x86_64-fedora-gcc | 0.3-1 | 111.45 | NOTE | |||
r-devel-windows-x86_64 | 0.3-1 | 8.00 | 68.00 | 76.00 | NOTE | |
r-patched-linux-x86_64 | 0.3-1 | 6.77 | 72.14 | 78.91 | NOTE | |
r-release-linux-x86_64 | 0.3-1 | 9.08 | 69.04 | 78.12 | NOTE | |
r-release-macos-arm64 | 0.3-1 | 31.00 | NOTE | |||
r-release-windows-x86_64 | 0.3-1 | 7.00 | 69.00 | 76.00 | NOTE | |
r-oldrel-macos-arm64 | 0.3-1 | 35.00 | OK | |||
r-oldrel-macos-x86_64 | 0.3-1 | 54.00 | OK | |||
r-oldrel-windows-x86_64 | 0.3-1 | 10.00 | 82.00 | 92.00 | OK |
Version: 0.3-1
Check: Rd files
Result: NOTE
checkRd: (-1) estimate_t0.Rd:41: Lost braces in \itemize; meant \describe ?
checkRd: (-1) estimate_t0.Rd:42: Lost braces in \itemize; meant \describe ?
checkRd: (-1) estimate_t0.Rd:43: Lost braces in \itemize; meant \describe ?
checkRd: (-1) fitArCo.Rd:73: Lost braces in \itemize; meant \describe ?
checkRd: (-1) fitArCo.Rd:74: Lost braces in \itemize; meant \describe ?
checkRd: (-1) fitArCo.Rd:75: Lost braces in \itemize; meant \describe ?
Flavors: r-devel-linux-x86_64-debian-clang, r-devel-linux-x86_64-debian-gcc, r-devel-linux-x86_64-fedora-clang, r-devel-linux-x86_64-fedora-gcc, r-devel-windows-x86_64, r-patched-linux-x86_64, r-release-linux-x86_64, r-release-macos-arm64, r-release-windows-x86_64