Last updated on 2024-05-04 13:49:00 CEST.
Flavor | Version | Tinstall | Tcheck | Ttotal | Status | Flags |
---|---|---|---|---|---|---|
r-devel-linux-x86_64-debian-clang | 1.5.1 | 12.99 | 104.18 | 117.17 | NOTE | |
r-devel-linux-x86_64-debian-gcc | 1.5.1 | 11.03 | 75.01 | 86.04 | OK | |
r-devel-linux-x86_64-fedora-clang | 1.5.1 | 159.71 | OK | |||
r-devel-linux-x86_64-fedora-gcc | 1.5.1 | 150.04 | OK | |||
r-devel-windows-x86_64 | 1.5.1 | 19.00 | 126.00 | 145.00 | OK | |
r-patched-linux-x86_64 | 1.5.1 | 16.13 | 98.13 | 114.26 | OK | |
r-release-linux-x86_64 | 1.5.0 | 13.67 | 97.23 | 110.90 | OK | |
r-release-macos-arm64 | 1.5.1 | 47.00 | OK | |||
r-release-macos-x86_64 | 1.5.1 | 155.00 | OK | |||
r-release-windows-x86_64 | 1.5.1 | 18.00 | 124.00 | 142.00 | OK | |
r-oldrel-macos-arm64 | 1.5.1 | 53.00 | OK | |||
r-oldrel-macos-x86_64 | 1.5.1 | 112.00 | OK | |||
r-oldrel-windows-x86_64 | 1.5.1 | 23.00 | 125.00 | 148.00 | OK |
Version: 1.5.1
Check: package dependencies
Result: NOTE
Package suggested but not available for checking: ‘biomaRt’
Flavor: r-devel-linux-x86_64-debian-clang