Last updated on 2024-05-04 13:49:01 CEST.
Flavor | Version | Tinstall | Tcheck | Ttotal | Status | Flags |
---|---|---|---|---|---|---|
r-devel-linux-x86_64-debian-clang | 0.3.7 | 42.46 | 41.28 | 83.74 | NOTE | |
r-devel-linux-x86_64-debian-gcc | 0.3.7 | 35.31 | 36.98 | 72.29 | NOTE | |
r-devel-linux-x86_64-fedora-clang | 0.3.7 | 124.93 | NOTE | |||
r-devel-linux-x86_64-fedora-gcc | 0.3.7 | 123.13 | NOTE | |||
r-devel-windows-x86_64 | 0.3.7 | 34.00 | 72.00 | 106.00 | NOTE | |
r-patched-linux-x86_64 | 0.3.7 | 42.26 | 45.83 | 88.09 | NOTE | |
r-release-linux-x86_64 | 0.3.7 | 48.07 | 44.12 | 92.19 | NOTE | |
r-release-macos-arm64 | 0.3.7 | 31.00 | NOTE | |||
r-release-windows-x86_64 | 0.3.7 | 36.00 | 71.00 | 107.00 | NOTE | |
r-oldrel-macos-arm64 | 0.3.7 | 32.00 | OK | |||
r-oldrel-macos-x86_64 | 0.3.7 | 54.00 | OK | |||
r-oldrel-windows-x86_64 | 0.3.7 | 33.00 | 81.00 | 114.00 | OK |
Version: 0.3.7
Check: Rd files
Result: NOTE
checkRd: (-1) terms.BTM.Rd:23-25: Lost braces in \itemize; \value handles \item{}{} directly
checkRd: (-1) terms.BTM.Rd:26-32: Lost braces in \itemize; \value handles \item{}{} directly
checkRd: (-1) terms.data.frame.Rd:25-31: Lost braces in \itemize; \value handles \item{}{} directly
checkRd: (-1) terms.data.frame.Rd:32-38: Lost braces in \itemize; \value handles \item{}{} directly
Flavors: r-devel-linux-x86_64-debian-clang, r-devel-linux-x86_64-debian-gcc, r-devel-linux-x86_64-fedora-clang, r-devel-linux-x86_64-fedora-gcc, r-devel-windows-x86_64, r-patched-linux-x86_64, r-release-linux-x86_64, r-release-macos-arm64, r-release-windows-x86_64