Last updated on 2024-05-04 13:49:00 CEST.
Flavor | Version | Tinstall | Tcheck | Ttotal | Status | Flags |
---|---|---|---|---|---|---|
r-devel-linux-x86_64-debian-clang | 0.9.0 | 11.31 | 97.02 | 108.33 | NOTE | |
r-devel-linux-x86_64-debian-gcc | 0.9.0 | 8.35 | 222.11 | 230.46 | OK | |
r-devel-linux-x86_64-fedora-clang | 0.9.0 | 416.91 | OK | |||
r-devel-linux-x86_64-fedora-gcc | 0.9.0 | 387.87 | OK | |||
r-devel-windows-x86_64 | 0.9.0 | 11.00 | 238.00 | 249.00 | OK | |
r-patched-linux-x86_64 | 0.9.0 | 15.75 | 292.75 | 308.50 | OK | |
r-release-linux-x86_64 | 0.9.0 | 10.78 | 301.61 | 312.39 | OK | |
r-release-macos-arm64 | 0.9.0 | 57.00 | NOTE | |||
r-release-windows-x86_64 | 0.9.0 | 11.00 | 229.00 | 240.00 | OK | |
r-oldrel-macos-arm64 | 0.9.0 | 62.00 | NOTE | |||
r-oldrel-macos-x86_64 | 0.9.0 | 103.00 | NOTE | |||
r-oldrel-windows-x86_64 | 0.9.0 | 14.00 | 291.00 | 305.00 | OK |
Version: 0.9.0
Check: package dependencies
Result: NOTE
Packages suggested but not available for checking:
'GO.db', 'GSEABase', 'org.Hs.eg.db', 'reactome.db'
Flavor: r-devel-linux-x86_64-debian-clang
Version: 0.9.0
Check: re-building of vignette outputs
Result: NOTE
Note: skipping ‘advanced.Rmd’ due to unavailable dependencies: 'GO.db'
Flavor: r-devel-linux-x86_64-debian-clang
Version: 0.9.0
Check: package dependencies
Result: NOTE
Package suggested but not available for checking: ‘reactome.db’
Flavors: r-release-macos-arm64, r-oldrel-macos-arm64, r-oldrel-macos-x86_64