Last updated on 2024-05-04 13:49:00 CEST.
Flavor | Version | Tinstall | Tcheck | Ttotal | Status | Flags |
---|---|---|---|---|---|---|
r-devel-linux-x86_64-debian-clang | 0.1.0 | 39.25 | 93.90 | 133.15 | OK | |
r-devel-linux-x86_64-debian-gcc | 0.1.0 | 30.88 | 68.03 | 98.91 | OK | |
r-devel-linux-x86_64-fedora-clang | 0.1.0 | 172.91 | NOTE | |||
r-devel-linux-x86_64-fedora-gcc | 0.1.0 | 167.84 | NOTE | |||
r-devel-windows-x86_64 | 0.1.0 | 35.00 | 117.00 | 152.00 | OK | |
r-patched-linux-x86_64 | 0.1.0 | 39.34 | 90.41 | 129.75 | OK | |
r-release-linux-x86_64 | 0.1.0 | 41.26 | 87.59 | 128.85 | OK | |
r-release-macos-arm64 | 0.1.0 | 46.00 | OK | |||
r-release-windows-x86_64 | 0.1.0 | 33.00 | 103.00 | 136.00 | OK | |
r-oldrel-macos-arm64 | 0.1.0 | 51.00 | OK | |||
r-oldrel-macos-x86_64 | 0.1.0 | 85.00 | OK | |||
r-oldrel-windows-x86_64 | 0.1.0 | 40.00 | 124.00 | 164.00 | OK |
Version: 0.1.0
Check: dependencies in R code
Result: NOTE
Namespace in Imports field not imported from: ‘FastGP’
All declared Imports should be used.
Flavors: r-devel-linux-x86_64-fedora-clang, r-devel-linux-x86_64-fedora-gcc