Last updated on 2024-05-04 09:49:29 CEST.
Flavor | Version | Tinstall | Tcheck | Ttotal | Status | Flags |
---|---|---|---|---|---|---|
r-devel-linux-x86_64-debian-clang | 1.1.2 | 126.65 | 307.74 | 434.39 | OK | |
r-devel-linux-x86_64-debian-gcc | 1.1.2 | 115.81 | 195.30 | 311.11 | OK | |
r-devel-linux-x86_64-fedora-clang | 1.1.2 | 565.14 | OK | |||
r-devel-linux-x86_64-fedora-gcc | 1.1.2 | 609.12 | OK | |||
r-devel-windows-x86_64 | 1.1.2 | 102.00 | 524.00 | 626.00 | OK | |
r-patched-linux-x86_64 | 1.1.2 | 136.94 | 313.76 | 450.70 | OK | |
r-release-linux-x86_64 | 1.1.2 | 150.80 | 315.82 | 466.62 | OK | |
r-release-macos-arm64 | 1.1.2 | 143.00 | NOTE | |||
r-release-windows-x86_64 | 1.1.2 | 97.00 | 513.00 | 610.00 | OK | |
r-oldrel-macos-arm64 | 1.1.2 | 145.00 | NOTE | |||
r-oldrel-macos-x86_64 | 1.1.2 | 329.00 | NOTE | |||
r-oldrel-windows-x86_64 | 1.1.2 | 121.00 | 544.00 | 665.00 | OK |
Version: 1.1.2
Check: installed package size
Result: NOTE
installed size is 13.0Mb
sub-directories of 1Mb or more:
libs 12.7Mb
Flavors: r-release-macos-arm64, r-oldrel-macos-arm64, r-oldrel-macos-x86_64