Last updated on 2024-05-04 09:49:29 CEST.
Flavor | Version | Tinstall | Tcheck | Ttotal | Status | Flags |
---|---|---|---|---|---|---|
r-devel-linux-x86_64-debian-clang | 0.3.2 | 6.62 | 241.92 | 248.54 | OK | |
r-devel-linux-x86_64-debian-gcc | 0.3.2 | 5.07 | 176.99 | 182.06 | OK | |
r-devel-linux-x86_64-fedora-clang | 0.3.2 | 319.19 | NOTE | |||
r-devel-linux-x86_64-fedora-gcc | 0.3.2 | 297.20 | NOTE | |||
r-devel-windows-x86_64 | 0.3.2 | 9.00 | 224.00 | 233.00 | OK | |
r-patched-linux-x86_64 | 0.3.2 | 8.26 | 237.73 | 245.99 | OK | |
r-release-linux-x86_64 | 0.3.2 | 0.66 | 2.37 | 3.03 | ERROR | |
r-release-macos-arm64 | 0.3.2 | 92.00 | OK | |||
r-release-windows-x86_64 | 0.3.2 | 9.00 | 228.00 | 237.00 | OK | |
r-oldrel-macos-arm64 | 0.3.2 | 100.00 | OK | |||
r-oldrel-macos-x86_64 | 0.3.2 | 160.00 | OK | |||
r-oldrel-windows-x86_64 | 0.3.2 | 9.00 | 255.00 | 264.00 | OK |
Version: 0.3.2
Check: dependencies in R code
Result: NOTE
Namespaces in Imports field not imported from:
‘HDInterval’ ‘MCMCpack’ ‘R2WinBUGS’ ‘R2jags’ ‘carData’ ‘rjags’
All declared Imports should be used.
Flavors: r-devel-linux-x86_64-fedora-clang, r-devel-linux-x86_64-fedora-gcc
Version: 0.3.2
Check: package dependencies
Result: ERROR
Package required but not available: ‘rstanarm’
See section ‘The DESCRIPTION file’ in the ‘Writing R Extensions’
manual.
Flavor: r-release-linux-x86_64