Last updated on 2024-05-04 09:49:29 CEST.
Flavor | Version | Tinstall | Tcheck | Ttotal | Status | Flags |
---|---|---|---|---|---|---|
r-devel-linux-x86_64-debian-clang | 2.2 | 147.29 | 190.72 | 338.01 | NOTE | |
r-devel-linux-x86_64-debian-gcc | 2.2 | 119.21 | 128.33 | 247.54 | NOTE | |
r-devel-linux-x86_64-fedora-clang | 2.2 | 445.26 | NOTE | |||
r-devel-linux-x86_64-fedora-gcc | 2.2 | 441.74 | NOTE | |||
r-devel-windows-x86_64 | 2.2 | 112.00 | 179.00 | 291.00 | NOTE | |
r-patched-linux-x86_64 | 2.2 | 139.45 | 165.64 | 305.09 | NOTE | |
r-release-linux-x86_64 | 2.2 | 144.86 | 163.75 | 308.61 | NOTE | |
r-release-macos-arm64 | 2.2 | 114.00 | NOTE | |||
r-release-windows-x86_64 | 2.2 | 111.00 | 177.00 | 288.00 | NOTE | |
r-oldrel-macos-arm64 | 2.2 | 151.00 | NOTE | |||
r-oldrel-macos-x86_64 | 2.2 | 235.00 | NOTE | |||
r-oldrel-windows-x86_64 | 2.2 | 137.00 | 212.00 | 349.00 | NOTE |
Version: 2.2
Check: C++ specification
Result: NOTE
Specified C++11: please drop specification unless essential
Flavors: r-devel-linux-x86_64-debian-clang, r-devel-linux-x86_64-debian-gcc, r-devel-linux-x86_64-fedora-clang, r-devel-linux-x86_64-fedora-gcc, r-devel-windows-x86_64, r-patched-linux-x86_64, r-release-linux-x86_64, r-release-macos-arm64, r-release-windows-x86_64, r-oldrel-macos-arm64, r-oldrel-macos-x86_64, r-oldrel-windows-x86_64
Version: 2.2
Check: installed package size
Result: NOTE
installed size is 8.1Mb
sub-directories of 1Mb or more:
libs 7.5Mb
Flavors: r-release-macos-arm64, r-oldrel-macos-arm64, r-oldrel-macos-x86_64