Last updated on 2024-05-04 09:49:29 CEST.
Flavor | Version | Tinstall | Tcheck | Ttotal | Status | Flags |
---|---|---|---|---|---|---|
r-devel-linux-x86_64-debian-clang | 2.2.5 | 14.33 | 52.61 | 66.94 | OK | |
r-devel-linux-x86_64-debian-gcc | 2.2.5 | 16.69 | 38.88 | 55.57 | OK | |
r-devel-linux-x86_64-fedora-clang | 2.2.5 | 83.74 | NOTE | |||
r-devel-linux-x86_64-fedora-gcc | 2.2.5 | 90.42 | NOTE | |||
r-devel-windows-x86_64 | 2.2.5 | 22.00 | 77.00 | 99.00 | OK | |
r-patched-linux-x86_64 | 2.2.5 | 20.76 | 50.89 | 71.65 | OK | |
r-release-linux-x86_64 | 2.2.5 | 19.15 | 48.76 | 67.91 | OK | |
r-release-macos-arm64 | 2.2.5 | 27.00 | OK | |||
r-release-windows-x86_64 | 2.2.5 | 20.00 | 76.00 | 96.00 | OK | |
r-oldrel-macos-arm64 | 2.2.5 | 28.00 | OK | |||
r-oldrel-macos-x86_64 | 2.2.5 | 44.00 | OK | |||
r-oldrel-windows-x86_64 | 2.2.5 | 19.00 | 81.00 | 100.00 | OK |
Version: 2.2.5
Check: data for non-ASCII characters
Result: NOTE
Note: found 385 marked UTF-8 strings
Flavors: r-devel-linux-x86_64-fedora-clang, r-devel-linux-x86_64-fedora-gcc