Last updated on 2024-05-04 09:49:29 CEST.
Flavor | Version | Tinstall | Tcheck | Ttotal | Status | Flags |
---|---|---|---|---|---|---|
r-devel-linux-x86_64-debian-clang | 0.1.8 | 35.00 | 295.76 | 330.76 | NOTE | |
r-devel-linux-x86_64-debian-gcc | 0.1.8 | 28.76 | 203.87 | 232.63 | NOTE | |
r-devel-linux-x86_64-fedora-clang | 0.1.8 | 407.39 | NOTE | |||
r-devel-linux-x86_64-fedora-gcc | 0.1.8 | 423.54 | NOTE | |||
r-devel-windows-x86_64 | 0.1.8 | 32.00 | 227.00 | 259.00 | NOTE | |
r-patched-linux-x86_64 | 0.1.8 | 24.63 | 275.06 | 299.69 | NOTE | |
r-release-linux-x86_64 | 0.1.8 | 30.52 | 264.58 | 295.10 | NOTE | |
r-release-macos-arm64 | 0.1.8 | 98.00 | NOTE | |||
r-release-windows-x86_64 | 0.1.8 | 31.00 | 228.00 | 259.00 | NOTE | |
r-oldrel-macos-arm64 | 0.1.8 | 111.00 | OK | |||
r-oldrel-macos-x86_64 | 0.1.8 | 182.00 | NOTE | |||
r-oldrel-windows-x86_64 | 0.1.8 | 41.00 | 314.00 | 355.00 | OK |
Version: 0.1.8
Check: Rd files
Result: NOTE
checkRd: (-1) DE.Rd:43: Lost braces in \itemize; meant \describe ?
checkRd: (-1) DE.Rd:44: Lost braces in \itemize; meant \describe ?
checkRd: (-1) DE.Rd:45: Lost braces in \itemize; meant \describe ?
checkRd: (-1) DE.Rd:46: Lost braces in \itemize; meant \describe ?
checkRd: (-1) DEzs.Rd:58: Lost braces in \itemize; meant \describe ?
checkRd: (-1) DEzs.Rd:59: Lost braces in \itemize; meant \describe ?
checkRd: (-1) DEzs.Rd:60: Lost braces in \itemize; meant \describe ?
checkRd: (-1) DEzs.Rd:61: Lost braces in \itemize; meant \describe ?
Flavors: r-devel-linux-x86_64-debian-clang, r-devel-linux-x86_64-debian-gcc, r-devel-linux-x86_64-fedora-clang, r-devel-linux-x86_64-fedora-gcc, r-devel-windows-x86_64, r-patched-linux-x86_64, r-release-linux-x86_64, r-release-macos-arm64, r-release-windows-x86_64
Version: 0.1.8
Check: package dependencies
Result: NOTE
Package suggested but not available for checking: ‘sensitivity’
Flavor: r-oldrel-macos-x86_64