Last updated on 2024-05-04 13:49:00 CEST.
Flavor | Version | Tinstall | Tcheck | Ttotal | Status | Flags |
---|---|---|---|---|---|---|
r-devel-linux-x86_64-debian-clang | 1.0.0 | 49.89 | 123.98 | 173.87 | NOTE | |
r-devel-linux-x86_64-debian-gcc | 1.0.0 | 39.31 | 92.13 | 131.44 | NOTE | |
r-devel-linux-x86_64-fedora-clang | 1.0.0 | 232.49 | NOTE | |||
r-devel-linux-x86_64-fedora-gcc | 1.0.0 | 229.86 | NOTE | |||
r-devel-windows-x86_64 | 1.0.0 | 40.00 | 128.00 | 168.00 | NOTE | |
r-patched-linux-x86_64 | 1.0.0 | 47.07 | 118.07 | 165.14 | NOTE | |
r-release-linux-x86_64 | 1.0.0 | 53.67 | 119.19 | 172.86 | NOTE | |
r-release-macos-arm64 | 1.0.0 | 70.00 | NOTE | |||
r-release-windows-x86_64 | 1.0.0 | 40.00 | 130.00 | 170.00 | NOTE | |
r-oldrel-macos-arm64 | 1.0.0 | 89.00 | NOTE | |||
r-oldrel-macos-x86_64 | 1.0.0 | 128.00 | NOTE | |||
r-oldrel-windows-x86_64 | 1.0.0 | 48.00 | 153.00 | 201.00 | NOTE |
Version: 1.0.0
Check: C++ specification
Result: NOTE
Specified C++11: please drop specification unless essential
Flavors: r-devel-linux-x86_64-debian-clang, r-devel-linux-x86_64-debian-gcc, r-devel-linux-x86_64-fedora-clang, r-devel-linux-x86_64-fedora-gcc, r-devel-windows-x86_64, r-patched-linux-x86_64, r-release-linux-x86_64, r-release-macos-arm64, r-release-windows-x86_64, r-oldrel-macos-arm64, r-oldrel-macos-x86_64, r-oldrel-windows-x86_64
Version: 1.0.0
Check: LazyData
Result: NOTE
'LazyData' is specified without a 'data' directory
Flavors: r-devel-linux-x86_64-debian-clang, r-devel-linux-x86_64-debian-gcc, r-devel-linux-x86_64-fedora-clang, r-devel-linux-x86_64-fedora-gcc, r-devel-windows-x86_64, r-patched-linux-x86_64, r-release-linux-x86_64, r-release-macos-arm64, r-release-windows-x86_64, r-oldrel-macos-arm64, r-oldrel-macos-x86_64, r-oldrel-windows-x86_64