Last updated on 2024-05-04 05:50:16 CEST.
Flavor | Version | Tinstall | Tcheck | Ttotal | Status | Flags |
---|---|---|---|---|---|---|
r-devel-linux-x86_64-debian-clang | 0.9.15 | 2129.84 | 51.14 | 2180.98 | NOTE | |
r-devel-linux-x86_64-fedora-clang | 0.9.15 | 3828.49 | NOTE | |||
r-devel-linux-x86_64-fedora-gcc | 0.9.15 | 3409.62 | NOTE | |||
r-devel-windows-x86_64 | 0.9.15 | 1754.00 | 82.00 | 1836.00 | NOTE | |
r-patched-linux-x86_64 | 0.9.15 | 2120.01 | 66.66 | 2186.67 | NOTE | |
r-release-linux-x86_64 | 0.9.15 | 2130.48 | 64.82 | 2195.30 | NOTE | |
r-release-macos-arm64 | 0.9.15 | 515.00 | NOTE | |||
r-release-macos-x86_64 | 0.9.15 | 462.00 | NOTE | |||
r-release-windows-x86_64 | 0.9.15 | 1749.00 | 80.00 | 1829.00 | NOTE | |
r-oldrel-macos-arm64 | 0.9.15 | 596.00 | NOTE | |||
r-oldrel-macos-x86_64 | 0.9.15 | 460.00 | NOTE | |||
r-oldrel-windows-x86_64 | 0.9.15 | 1634.00 | 89.00 | 1723.00 | NOTE |
Version: 0.9.15
Check: for GNU extensions in Makefiles
Result: NOTE
GNU make is a SystemRequirements.
Flavors: r-devel-linux-x86_64-debian-clang, r-devel-linux-x86_64-fedora-clang, r-devel-linux-x86_64-fedora-gcc, r-devel-windows-x86_64, r-patched-linux-x86_64, r-release-linux-x86_64, r-release-macos-arm64, r-release-macos-x86_64, r-release-windows-x86_64, r-oldrel-macos-arm64, r-oldrel-macos-x86_64, r-oldrel-windows-x86_64
Version: 0.9.15
Check: installed package size
Result: NOTE
installed size is 46.5Mb
sub-directories of 1Mb or more:
include 10.7Mb
lib 35.4Mb
Flavors: r-devel-linux-x86_64-fedora-clang, r-devel-windows-x86_64, r-release-macos-arm64, r-release-macos-x86_64, r-release-windows-x86_64, r-oldrel-macos-arm64, r-oldrel-macos-x86_64, r-oldrel-windows-x86_64