Last updated on 2024-05-04 13:49:01 CEST.
Flavor | Version | Tinstall | Tcheck | Ttotal | Status | Flags |
---|---|---|---|---|---|---|
r-devel-linux-x86_64-debian-clang | 1.2.6 | 65.51 | 116.56 | 182.07 | OK | |
r-devel-linux-x86_64-debian-gcc | 1.2.6 | 67.99 | 88.83 | 156.82 | OK | |
r-devel-linux-x86_64-fedora-clang | 1.2.6 | 245.94 | NOTE | |||
r-devel-linux-x86_64-fedora-gcc | 1.2.6 | 240.86 | OK | |||
r-devel-windows-x86_64 | 1.2.6 | 53.00 | 202.00 | 255.00 | OK | |
r-patched-linux-x86_64 | 1.2.6 | 65.94 | 118.23 | 184.17 | OK | |
r-release-linux-x86_64 | 1.2.6 | 56.38 | 121.91 | 178.29 | OK | |
r-release-macos-arm64 | 1.2.6 | 70.00 | NOTE | |||
r-release-windows-x86_64 | 1.2.6 | 49.00 | 201.00 | 250.00 | OK | |
r-oldrel-macos-arm64 | 1.2.6 | 73.00 | NOTE | |||
r-oldrel-macos-x86_64 | 1.2.6 | 150.00 | NOTE | |||
r-oldrel-windows-x86_64 | 1.2.6 | 59.00 | 224.00 | 283.00 | OK |
Version: 1.2.6
Check: installed package size
Result: NOTE
installed size is 6.2Mb
sub-directories of 1Mb or more:
libs 5.6Mb
Flavors: r-devel-linux-x86_64-fedora-clang, r-release-macos-arm64, r-oldrel-macos-arm64, r-oldrel-macos-x86_64