Last updated on 2024-05-04 09:49:30 CEST.
Flavor | Version | Tinstall | Tcheck | Ttotal | Status | Flags |
---|---|---|---|---|---|---|
r-devel-linux-x86_64-debian-clang | 1.3.4 | 37.76 | 100.45 | 138.21 | NOTE | |
r-devel-linux-x86_64-debian-gcc | 1.3.4 | 36.05 | 74.02 | 110.07 | NOTE | |
r-devel-linux-x86_64-fedora-clang | 1.3.4 | 202.82 | NOTE | |||
r-devel-linux-x86_64-fedora-gcc | 1.3.4 | 210.79 | NOTE | |||
r-devel-windows-x86_64 | 1.3.4 | 41.00 | 301.00 | 342.00 | NOTE | |
r-patched-linux-x86_64 | 1.3.4 | 47.76 | 93.29 | 141.05 | NOTE | |
r-release-linux-x86_64 | 1.3.4 | 43.92 | 94.22 | 138.14 | NOTE | |
r-release-macos-arm64 | 1.3.4 | 58.00 | NOTE | |||
r-release-macos-x86_64 | 1.3.4 | 102.00 | NOTE | |||
r-release-windows-x86_64 | 1.3.4 | 39.00 | 207.00 | 246.00 | NOTE | |
r-oldrel-macos-arm64 | 1.3.4 | 59.00 | NOTE | |||
r-oldrel-macos-x86_64 | 1.3.4 | 99.00 | NOTE | |||
r-oldrel-windows-x86_64 | 1.3.4 | 48.00 | 248.00 | 296.00 | NOTE |
Version: 1.3.4
Check: C++ specification
Result: NOTE
Specified C++11: please drop specification unless essential
Flavors: r-devel-linux-x86_64-debian-clang, r-devel-linux-x86_64-debian-gcc, r-devel-linux-x86_64-fedora-clang, r-devel-linux-x86_64-fedora-gcc, r-devel-windows-x86_64, r-patched-linux-x86_64, r-release-linux-x86_64, r-release-macos-arm64, r-release-macos-x86_64, r-release-windows-x86_64, r-oldrel-macos-arm64, r-oldrel-macos-x86_64, r-oldrel-windows-x86_64
Version: 1.3.4
Check: installed package size
Result: NOTE
installed size is 6.3Mb
sub-directories of 1Mb or more:
data 1.6Mb
extdata 1.1Mb
libs 3.1Mb
Flavors: r-release-macos-arm64, r-release-macos-x86_64, r-oldrel-macos-arm64, r-oldrel-macos-x86_64