Last updated on 2024-05-04 09:49:31 CEST.
Flavor | Version | Tinstall | Tcheck | Ttotal | Status | Flags |
---|---|---|---|---|---|---|
r-devel-linux-x86_64-debian-clang | 0.10.0 | 176.52 | 359.12 | 535.64 | OK | |
r-devel-linux-x86_64-debian-gcc | 0.10.0 | 153.82 | 391.28 | 545.10 | OK | |
r-devel-linux-x86_64-fedora-clang | 0.10.0 | 713.99 | OK | |||
r-devel-linux-x86_64-fedora-gcc | 0.10.0 | 796.20 | OK | |||
r-devel-windows-x86_64 | 0.10.0 | 144.00 | 368.00 | 512.00 | OK | |
r-patched-linux-x86_64 | 0.10.0 | 132.49 | 506.11 | 638.60 | OK | |
r-release-linux-x86_64 | 0.10.0 | 138.07 | 511.02 | 649.09 | OK | |
r-release-macos-arm64 | 0.10.0 | 174.00 | NOTE | |||
r-release-windows-x86_64 | 0.10.0 | 147.00 | 339.00 | 486.00 | OK | |
r-oldrel-macos-arm64 | 0.10.0 | 188.00 | NOTE | |||
r-oldrel-macos-x86_64 | 0.10.0 | 347.00 | NOTE | |||
r-oldrel-windows-x86_64 | 0.10.0 | 190.00 | 422.00 | 612.00 | OK |
Version: 0.10.0
Check: installed package size
Result: NOTE
installed size is 16.1Mb
sub-directories of 1Mb or more:
libs 14.5Mb
Flavors: r-release-macos-arm64, r-oldrel-macos-arm64, r-oldrel-macos-x86_64