Last updated on 2024-05-04 13:49:02 CEST.
Flavor | Version | Tinstall | Tcheck | Ttotal | Status | Flags |
---|---|---|---|---|---|---|
r-devel-linux-x86_64-debian-clang | 1.0.3 | 8.92 | 28.09 | 37.01 | NOTE | |
r-devel-linux-x86_64-debian-gcc | 1.0.3 | 7.08 | 20.84 | 27.92 | NOTE | |
r-devel-linux-x86_64-fedora-clang | 1.0.3 | 48.65 | NOTE | |||
r-devel-linux-x86_64-fedora-gcc | 1.0.3 | 45.40 | NOTE | |||
r-devel-windows-x86_64 | 1.0.3 | 10.00 | 49.00 | 59.00 | NOTE | |
r-patched-linux-x86_64 | 1.0.3 | 8.57 | 26.88 | 35.45 | OK | |
r-release-linux-x86_64 | 1.0.3 | 8.59 | 26.09 | 34.68 | OK | |
r-release-macos-arm64 | 1.0.3 | 17.00 | OK | |||
r-release-windows-x86_64 | 1.0.3 | 9.00 | 48.00 | 57.00 | OK | |
r-oldrel-macos-arm64 | 1.0.3 | 17.00 | OK | |||
r-oldrel-macos-x86_64 | 1.0.3 | 26.00 | OK | |||
r-oldrel-windows-x86_64 | 1.0.3 | 11.00 | 47.00 | 58.00 | OK |
Version: 1.0.3
Check: compiled code
Result: NOTE
File ‘CMF/libs/CMF.so’:
Found non-API calls to R: ‘SETLENGTH’, ‘SET_TRUELENGTH’
Compiled code should not call non-API entry points in R.
See ‘Writing portable packages’ in the ‘Writing R Extensions’ manual.
Flavors: r-devel-linux-x86_64-debian-clang, r-devel-linux-x86_64-debian-gcc, r-devel-linux-x86_64-fedora-clang, r-devel-linux-x86_64-fedora-gcc
Version: 1.0.3
Check: compiled code
Result: NOTE
File 'CMF/libs/x64/CMF.dll':
Found non-API calls to R: 'SETLENGTH', 'SET_TRUELENGTH'
Compiled code should not call non-API entry points in R.
See 'Writing portable packages' in the 'Writing R Extensions' manual.
Flavor: r-devel-windows-x86_64