Last updated on 2024-05-04 13:49:03 CEST.
Flavor | Version | Tinstall | Tcheck | Ttotal | Status | Flags |
---|---|---|---|---|---|---|
r-devel-linux-x86_64-debian-clang | 1.2.4 | 3.16 | 24.74 | 27.90 | OK | |
r-devel-linux-x86_64-debian-gcc | 1.2.4 | 3.12 | 18.77 | 21.89 | OK | |
r-devel-linux-x86_64-fedora-clang | 1.2.4 | 36.24 | NOTE | |||
r-devel-linux-x86_64-fedora-gcc | 1.2.4 | 34.37 | NOTE | |||
r-devel-windows-x86_64 | 1.2.4 | 6.00 | 39.00 | 45.00 | OK | |
r-patched-linux-x86_64 | 1.2.4 | 4.13 | 23.14 | 27.27 | OK | |
r-release-linux-x86_64 | 1.2.4 | 3.52 | 23.32 | 26.84 | OK | |
r-release-macos-arm64 | 1.2.4 | 17.00 | OK | |||
r-release-windows-x86_64 | 1.2.4 | 5.00 | 38.00 | 43.00 | OK | |
r-oldrel-macos-arm64 | 1.2.4 | 19.00 | OK | |||
r-oldrel-macos-x86_64 | 1.2.4 | 24.00 | OK | |||
r-oldrel-windows-x86_64 | 1.2.4 | 7.00 | 38.00 | 45.00 | OK |
Version: 1.2.4
Check: top-level files
Result: NOTE
‘cleanup’: /bin/bash is not portable
Flavors: r-devel-linux-x86_64-fedora-clang, r-devel-linux-x86_64-fedora-gcc