Last updated on 2024-05-04 13:49:03 CEST.
Flavor | Version | Tinstall | Tcheck | Ttotal | Status | Flags |
---|---|---|---|---|---|---|
r-devel-linux-x86_64-debian-clang | 1.2.0 | 15.97 | 137.85 | 153.82 | NOTE | |
r-devel-linux-x86_64-debian-gcc | 1.2.0 | 13.03 | 98.76 | 111.79 | NOTE | |
r-devel-linux-x86_64-fedora-clang | 1.2.0 | 195.16 | NOTE | |||
r-devel-linux-x86_64-fedora-gcc | 1.2.0 | 180.04 | NOTE | |||
r-devel-windows-x86_64 | 1.2.0 | 16.00 | 106.00 | 122.00 | NOTE | |
r-patched-linux-x86_64 | 1.2.0 | 14.26 | 127.71 | 141.97 | NOTE | |
r-release-linux-x86_64 | 1.2.0 | 12.46 | 125.47 | 137.93 | NOTE | |
r-release-macos-arm64 | 1.2.0 | 50.00 | NOTE | |||
r-release-macos-x86_64 | 1.2.0 | 116.00 | NOTE | |||
r-release-windows-x86_64 | 1.2.0 | 15.00 | 105.00 | 120.00 | NOTE | |
r-oldrel-macos-arm64 | 1.2.0 | 54.00 | NOTE | |||
r-oldrel-macos-x86_64 | 1.2.0 | 113.00 | NOTE | |||
r-oldrel-windows-x86_64 | 1.2.0 | 17.00 | 126.00 | 143.00 | NOTE |
Version: 1.2.0
Check: LazyData
Result: NOTE
'LazyData' is specified without a 'data' directory
Flavors: r-devel-linux-x86_64-debian-clang, r-devel-linux-x86_64-debian-gcc, r-devel-linux-x86_64-fedora-clang, r-devel-linux-x86_64-fedora-gcc, r-devel-windows-x86_64, r-patched-linux-x86_64, r-release-linux-x86_64, r-release-macos-arm64, r-release-macos-x86_64, r-release-windows-x86_64, r-oldrel-macos-arm64, r-oldrel-macos-x86_64, r-oldrel-windows-x86_64