Last updated on 2024-05-04 09:49:32 CEST.
Flavor | Version | Tinstall | Tcheck | Ttotal | Status | Flags |
---|---|---|---|---|---|---|
r-devel-linux-x86_64-debian-clang | 5.2.0 | 58.10 | 284.65 | 342.75 | OK | |
r-devel-linux-x86_64-debian-gcc | 5.2.0 | 46.88 | 199.21 | 246.09 | OK | |
r-devel-linux-x86_64-fedora-clang | 5.2.0 | 423.12 | NOTE | |||
r-devel-linux-x86_64-fedora-gcc | 5.2.0 | 409.51 | OK | |||
r-devel-windows-x86_64 | 5.2.0 | 52.00 | 214.00 | 266.00 | OK | |
r-patched-linux-x86_64 | 5.2.0 | 50.36 | 267.08 | 317.44 | OK | |
r-release-linux-x86_64 | 5.2.0 | 51.16 | 263.57 | 314.73 | OK | |
r-release-macos-arm64 | 5.2.0 | 110.00 | OK | |||
r-release-macos-x86_64 | 5.2.0 | 243.00 | OK | |||
r-release-windows-x86_64 | 5.2.0 | 53.00 | 203.00 | 256.00 | OK | |
r-oldrel-macos-arm64 | 5.2.0 | 119.00 | OK | |||
r-oldrel-macos-x86_64 | 5.2.0 | 240.00 | OK | |||
r-oldrel-windows-x86_64 | 5.2.0 | 63.00 | 264.00 | 327.00 | OK |
Version: 5.2.0
Check: installed package size
Result: NOTE
installed size is 6.6Mb
sub-directories of 1Mb or more:
data 1.9Mb
doc 1.6Mb
libs 2.2Mb
Flavor: r-devel-linux-x86_64-fedora-clang