Last updated on 2024-05-04 13:49:03 CEST.
Flavor | Version | Tinstall | Tcheck | Ttotal | Status | Flags |
---|---|---|---|---|---|---|
r-devel-linux-x86_64-debian-clang | 1.0.2 | 5.08 | 39.19 | 44.27 | NOTE | |
r-devel-linux-x86_64-debian-gcc | 1.0.2 | 4.52 | 28.46 | 32.98 | NOTE | |
r-devel-linux-x86_64-fedora-clang | 1.0.2 | 55.11 | NOTE | |||
r-devel-linux-x86_64-fedora-gcc | 1.0.2 | 52.37 | NOTE | |||
r-devel-windows-x86_64 | 1.0.2 | 6.00 | 59.00 | 65.00 | NOTE | |
r-patched-linux-x86_64 | 1.0.2 | 5.94 | 35.98 | 41.92 | NOTE | |
r-release-linux-x86_64 | 1.0.2 | 4.28 | 36.29 | 40.57 | NOTE | |
r-release-macos-arm64 | 1.0.2 | 18.00 | NOTE | |||
r-release-windows-x86_64 | 1.0.2 | 6.00 | 56.00 | 62.00 | NOTE | |
r-oldrel-macos-arm64 | 1.0.2 | 22.00 | NOTE | |||
r-oldrel-macos-x86_64 | 1.0.2 | 29.00 | NOTE | |||
r-oldrel-windows-x86_64 | 1.0.2 | 9.00 | 62.00 | 71.00 | NOTE |
Version: 1.0.2
Check: package dependencies
Result: NOTE
Package which this enhances but not available for checking: ‘RGtk2’
Flavors: r-devel-linux-x86_64-debian-clang, r-devel-linux-x86_64-debian-gcc, r-devel-linux-x86_64-fedora-clang, r-devel-linux-x86_64-fedora-gcc, r-devel-windows-x86_64, r-patched-linux-x86_64, r-release-linux-x86_64, r-release-macos-arm64, r-release-windows-x86_64, r-oldrel-macos-arm64, r-oldrel-macos-x86_64, r-oldrel-windows-x86_64