Last updated on 2024-05-04 13:49:03 CEST.
Flavor | Version | Tinstall | Tcheck | Ttotal | Status | Flags |
---|---|---|---|---|---|---|
r-devel-linux-x86_64-debian-clang | 0.1.1 | 55.18 | 37.93 | 93.11 | OK | |
r-devel-linux-x86_64-debian-gcc | 0.1.1 | 38.77 | 28.38 | 67.15 | OK | |
r-devel-linux-x86_64-fedora-clang | 0.1.1 | 115.59 | OK | |||
r-devel-linux-x86_64-fedora-gcc | 0.1.1 | 125.31 | OK | |||
r-devel-windows-x86_64 | 0.1.1 | 39.00 | 74.00 | 113.00 | OK | |
r-patched-linux-x86_64 | 0.1.1 | 50.86 | 35.88 | 86.74 | OK | |
r-release-linux-x86_64 | 0.1.1 | 51.03 | 35.70 | 86.73 | OK | |
r-release-macos-arm64 | 0.1.1 | 33.00 | NOTE | |||
r-release-windows-x86_64 | 0.1.1 | 38.00 | 69.00 | 107.00 | OK | |
r-oldrel-macos-arm64 | 0.1.1 | 37.00 | NOTE | |||
r-oldrel-macos-x86_64 | 0.1.1 | 55.00 | NOTE | |||
r-oldrel-windows-x86_64 | 0.1.1 | 49.00 | 78.00 | 127.00 | OK |
Version: 0.1.1
Check: installed package size
Result: NOTE
installed size is 5.0Mb
sub-directories of 1Mb or more:
libs 4.2Mb
Flavors: r-release-macos-arm64, r-oldrel-macos-arm64, r-oldrel-macos-x86_64