Last updated on 2024-05-04 09:49:30 CEST.
Flavor | Version | Tinstall | Tcheck | Ttotal | Status | Flags |
---|---|---|---|---|---|---|
r-devel-linux-x86_64-debian-clang | 1.3.0 | 12.14 | 116.17 | 128.31 | NOTE | |
r-devel-linux-x86_64-debian-gcc | 1.3.0 | 7.80 | 83.49 | 91.29 | NOTE | |
r-devel-linux-x86_64-fedora-clang | 1.3.0 | 157.80 | NOTE | |||
r-devel-linux-x86_64-fedora-gcc | 1.3.0 | 150.39 | NOTE | |||
r-devel-windows-x86_64 | 1.3.0 | 9.00 | 100.00 | 109.00 | NOTE | |
r-patched-linux-x86_64 | 1.3.0 | 9.97 | 108.96 | 118.93 | NOTE | |
r-release-linux-x86_64 | 1.3.0 | 11.50 | 110.52 | 122.02 | NOTE | |
r-release-macos-arm64 | 1.3.0 | 47.00 | NOTE | |||
r-release-windows-x86_64 | 1.3.0 | 10.00 | 97.00 | 107.00 | NOTE | |
r-oldrel-macos-arm64 | 1.3.0 | 46.00 | NOTE | |||
r-oldrel-macos-x86_64 | 1.3.0 | 75.00 | NOTE | |||
r-oldrel-windows-x86_64 | 1.3.0 | 13.00 | 117.00 | 130.00 | NOTE |
Version: 1.3.0
Check: package dependencies
Result: NOTE
Package suggested but not available for checking: ‘ReGenesees’
Flavors: r-devel-linux-x86_64-debian-clang, r-devel-linux-x86_64-debian-gcc, r-devel-linux-x86_64-fedora-clang, r-devel-linux-x86_64-fedora-gcc, r-devel-windows-x86_64, r-patched-linux-x86_64, r-release-linux-x86_64, r-release-macos-arm64, r-release-windows-x86_64, r-oldrel-macos-arm64, r-oldrel-macos-x86_64, r-oldrel-windows-x86_64