Last updated on 2024-05-04 05:50:16 CEST.
Flavor | Version | Tinstall | Tcheck | Ttotal | Status | Flags |
---|---|---|---|---|---|---|
r-devel-linux-x86_64-debian-clang | 0.2.5 | 22.16 | 276.91 | 299.07 | ERROR | |
r-devel-linux-x86_64-fedora-clang | 0.2.5 | 432.54 | OK | |||
r-devel-linux-x86_64-fedora-gcc | 0.2.5 | 415.65 | OK | |||
r-devel-windows-x86_64 | 0.2.5 | 19.00 | 235.00 | 254.00 | OK | |
r-patched-linux-x86_64 | 0.2.5 | 22.10 | 299.33 | 321.43 | OK | |
r-release-linux-x86_64 | 0.2.5 | 17.22 | 302.94 | 320.16 | OK | |
r-release-macos-arm64 | 0.2.5 | 133.00 | NOTE | |||
r-release-macos-x86_64 | 0.2.5 | 285.00 | NOTE | |||
r-release-windows-x86_64 | 0.2.5 | 17.00 | 234.00 | 251.00 | OK | |
r-oldrel-macos-arm64 | 0.2.5 | 147.00 | NOTE | |||
r-oldrel-macos-x86_64 | 0.2.5 | 352.00 | NOTE | |||
r-oldrel-windows-x86_64 | 0.2.5 | 23.00 | 328.00 | 351.00 | OK |
Version: 0.2.5
Check: package dependencies
Result: NOTE
Packages suggested but not available for checking:
'SingleCellExperiment', 'SummarizedExperiment', 'scater',
'batchelor', 'scran'
Flavor: r-devel-linux-x86_64-debian-clang
Version: 0.2.5
Check: tests
Result: ERROR
Running ‘testthat.R’ [57s/68s]
Running the tests in ‘tests/testthat.R’ failed.
Complete output:
> library(testthat)
> library(Canek)
>
> test_check("Canek")
[ FAIL 1 | WARN 0 | SKIP 0 | PASS 74 ]
══ Failed tests ════════════════════════════════════════════════════════════════
── Error ('test_RunCanek.R:23:1'): (code run outside of `test_that()`) ─────────
<packageNotFoundError/error/condition>
Error in `loadNamespace(x)`: there is no package called 'SingleCellExperiment'
Backtrace:
▆
1. └─base::loadNamespace(x) at test_RunCanek.R:23:1
2. └─base::withRestarts(stop(cond), retry_loadNamespace = function() NULL)
3. └─base (local) withOneRestart(expr, restarts[[1L]])
4. └─base (local) doWithOneRestart(return(expr), restart)
[ FAIL 1 | WARN 0 | SKIP 0 | PASS 74 ]
Error: Test failures
Execution halted
Flavor: r-devel-linux-x86_64-debian-clang
Version: 0.2.5
Check: package dependencies
Result: NOTE
Package suggested but not available for checking: ‘batchelor’
Flavors: r-release-macos-arm64, r-oldrel-macos-arm64, r-oldrel-macos-x86_64
Version: 0.2.5
Check: package dependencies
Result: NOTE
Package suggested but not available for checking: ‘scater’
Flavor: r-release-macos-x86_64