Last updated on 2024-05-04 13:49:01 CEST.
Flavor | Version | Tinstall | Tcheck | Ttotal | Status | Flags |
---|---|---|---|---|---|---|
r-devel-linux-x86_64-debian-clang | 0.1.1 | 13.43 | 167.90 | 181.33 | NOTE | |
r-devel-linux-x86_64-debian-gcc | 0.1.1 | 10.61 | 120.09 | 130.70 | NOTE | |
r-devel-linux-x86_64-fedora-clang | 0.1.1 | 223.68 | NOTE | |||
r-devel-linux-x86_64-fedora-gcc | 0.1.1 | 215.84 | NOTE | |||
r-devel-windows-x86_64 | 0.1.1 | 14.00 | 127.00 | 141.00 | NOTE | |
r-patched-linux-x86_64 | 0.1.1 | 10.78 | 155.76 | 166.54 | NOTE | |
r-release-linux-x86_64 | 0.1.1 | 13.87 | 155.39 | 169.26 | NOTE | |
r-release-macos-arm64 | 0.1.1 | 65.00 | NOTE | |||
r-release-windows-x86_64 | 0.1.1 | 13.00 | 122.00 | 135.00 | NOTE | |
r-oldrel-macos-arm64 | 0.1.1 | 74.00 | OK | |||
r-oldrel-macos-x86_64 | 0.1.1 | 94.00 | OK | |||
r-oldrel-windows-x86_64 | 0.1.1 | 16.00 | 152.00 | 168.00 | OK |
Version: 0.1.1
Check: Rd files
Result: NOTE
checkRd: (-1) as.mbsts.Rd:71: Lost braces; missing escapes or markup?
71 | \item{states.samples}{(\code{niter}- \code{burn}) draws from p(alpha_t | Y_{1:T}).}
| ^
checkRd: (-1) mcmc.Rd:61: Lost braces; missing escapes or markup?
61 | \item{states.samples}{(\code{niter}- \code{burn}) draws from p(alpha_t | Y_{1:T}).}
| ^
Flavors: r-devel-linux-x86_64-debian-clang, r-devel-linux-x86_64-debian-gcc, r-devel-linux-x86_64-fedora-clang, r-devel-linux-x86_64-fedora-gcc, r-devel-windows-x86_64, r-patched-linux-x86_64, r-release-linux-x86_64, r-release-macos-arm64, r-release-windows-x86_64