Last updated on 2024-05-04 09:49:31 CEST.
Flavor | Version | Tinstall | Tcheck | Ttotal | Status | Flags |
---|---|---|---|---|---|---|
r-devel-linux-x86_64-debian-clang | 0.8 | 93.29 | 70.78 | 164.07 | NOTE | |
r-devel-linux-x86_64-debian-gcc | 0.8 | 64.93 | 51.28 | 116.21 | NOTE | |
r-devel-linux-x86_64-fedora-clang | 0.8 | 237.28 | NOTE | |||
r-devel-linux-x86_64-fedora-gcc | 0.8 | 222.26 | NOTE | |||
r-devel-windows-x86_64 | 0.8 | 75.00 | 92.00 | 167.00 | NOTE | |
r-patched-linux-x86_64 | 0.8 | 89.09 | 66.83 | 155.92 | NOTE | |
r-release-linux-x86_64 | 0.8 | 86.90 | 66.52 | 153.42 | NOTE | |
r-release-macos-arm64 | 0.8 | 46.00 | NOTE | |||
r-release-windows-x86_64 | 0.8 | 73.00 | 89.00 | 162.00 | NOTE | |
r-oldrel-macos-arm64 | 0.8 | 49.00 | OK | |||
r-oldrel-macos-x86_64 | 0.8 | 71.00 | OK | |||
r-oldrel-windows-x86_64 | 0.8 | 87.00 | 106.00 | 193.00 | OK |
Version: 0.8
Check: Rd files
Result: NOTE
checkRd: (-1) BMD.Rd:21: Lost braces in \itemize; \value handles \item{}{} directly
checkRd: (-1) BMD.Rd:22: Lost braces in \itemize; \value handles \item{}{} directly
checkRd: (-1) BMD.Rd:23: Lost braces in \itemize; \value handles \item{}{} directly
checkRd: (-1) BMD.Rd:24: Lost braces in \itemize; \value handles \item{}{} directly
checkRd: (-1) BMD.Rd:25: Lost braces in \itemize; \value handles \item{}{} directly
checkRd: (-1) add.risk.Rd:30: Lost braces in \itemize; \value handles \item{}{} directly
checkRd: (-1) add.risk.Rd:31: Lost braces in \itemize; \value handles \item{}{} directly
checkRd: (-1) comire.gibbs.Rd:66: Lost braces in \itemize; \value handles \item{}{} directly
checkRd: (-1) comire.gibbs.Rd:67-68: Lost braces in \itemize; \value handles \item{}{} directly
checkRd: (-1) comire.gibbs.Rd:69: Lost braces in \itemize; \value handles \item{}{} directly
checkRd: (-1) comire.gibbs.Rd:70: Lost braces in \itemize; \value handles \item{}{} directly
checkRd: (-1) comire.gibbs.Rd:71: Lost braces in \itemize; \value handles \item{}{} directly
checkRd: (-1) comire.gibbs.Rd:72: Lost braces in \itemize; \value handles \item{}{} directly
checkRd: (-1) comire.gibbs.Rd:73: Lost braces in \itemize; \value handles \item{}{} directly
checkRd: (-1) comire.gibbs.Rd:74: Lost braces in \itemize; \value handles \item{}{} directly
checkRd: (-1) comire.gibbs.Rd:75: Lost braces in \itemize; \value handles \item{}{} directly
checkRd: (-1) comire.gibbs.Rd:76: Lost braces in \itemize; \value handles \item{}{} directly
Flavors: r-devel-linux-x86_64-debian-clang, r-devel-linux-x86_64-debian-gcc, r-devel-linux-x86_64-fedora-clang, r-devel-linux-x86_64-fedora-gcc, r-devel-windows-x86_64, r-patched-linux-x86_64, r-release-linux-x86_64, r-release-macos-arm64, r-release-windows-x86_64