Last updated on 2024-05-04 13:49:02 CEST.
Flavor | Version | Tinstall | Tcheck | Ttotal | Status | Flags |
---|---|---|---|---|---|---|
r-devel-linux-x86_64-debian-clang | 1.1.1 | 245.02 | 156.32 | 401.34 | OK | |
r-devel-linux-x86_64-debian-gcc | 1.1.1 | 204.46 | 123.87 | 328.33 | OK | |
r-devel-linux-x86_64-fedora-clang | 1.1.1 | 515.48 | OK | |||
r-devel-linux-x86_64-fedora-gcc | 1.1.1 | 598.67 | OK | |||
r-devel-windows-x86_64 | 1.1.1 | 145.00 | 186.00 | 331.00 | OK | |
r-patched-linux-x86_64 | 1.1.1 | 221.02 | 158.66 | 379.68 | OK | |
r-release-linux-x86_64 | 1.1.0 | 209.68 | 156.84 | 366.52 | OK | |
r-release-macos-arm64 | 1.1.1 | 158.00 | NOTE | |||
r-release-macos-x86_64 | 1.1.1 | 390.00 | NOTE | |||
r-release-windows-x86_64 | 1.1.1 | 145.00 | 168.00 | 313.00 | OK | |
r-oldrel-macos-arm64 | 1.1.1 | 172.00 | NOTE | |||
r-oldrel-macos-x86_64 | 1.1.1 | 357.00 | NOTE | |||
r-oldrel-windows-x86_64 | 1.1.1 | 133.00 | 198.00 | 331.00 | OK |
Version: 1.1.1
Check: installed package size
Result: NOTE
installed size is 52.7Mb
sub-directories of 1Mb or more:
libs 51.9Mb
Flavors: r-release-macos-arm64, r-release-macos-x86_64, r-oldrel-macos-arm64, r-oldrel-macos-x86_64