Last updated on 2024-05-04 13:49:02 CEST.
Flavor | Version | Tinstall | Tcheck | Ttotal | Status | Flags |
---|---|---|---|---|---|---|
r-devel-linux-x86_64-debian-clang | 3.0.1 | 36.95 | 354.38 | 391.33 | OK | |
r-devel-linux-x86_64-debian-gcc | 3.0.1 | 28.50 | 247.71 | 276.21 | OK | |
r-devel-linux-x86_64-fedora-clang | 3.0.1 | 497.80 | NOTE | |||
r-devel-linux-x86_64-fedora-gcc | 3.0.1 | 452.62 | NOTE | |||
r-devel-windows-x86_64 | 3.0.1 | 29.00 | 226.00 | 255.00 | OK | |
r-patched-linux-x86_64 | 3.0.1 | 33.38 | 337.71 | 371.09 | OK | |
r-release-linux-x86_64 | 3.0.1 | 30.58 | 326.16 | 356.74 | OK | |
r-release-macos-arm64 | 3.0.1 | 123.00 | OK | |||
r-release-windows-x86_64 | 3.0.1 | 29.00 | 224.00 | 253.00 | OK | |
r-oldrel-macos-arm64 | 3.0.1 | 127.00 | OK | |||
r-oldrel-macos-x86_64 | 3.0.1 | 283.00 | OK | |||
r-oldrel-windows-x86_64 | 3.0.1 | 38.00 | 300.00 | 338.00 | OK |
Version: 3.0.1
Check: data for non-ASCII characters
Result: NOTE
Note: found 144 marked UTF-8 strings
Flavors: r-devel-linux-x86_64-fedora-clang, r-devel-linux-x86_64-fedora-gcc