Last updated on 2024-05-04 09:49:31 CEST.
Flavor | Version | Tinstall | Tcheck | Ttotal | Status | Flags |
---|---|---|---|---|---|---|
r-devel-linux-x86_64-debian-clang | 0.3.0 | 2.88 | 35.73 | 38.61 | NOTE | |
r-devel-linux-x86_64-debian-gcc | 0.3.0 | 2.21 | 27.01 | 29.22 | NOTE | |
r-devel-linux-x86_64-fedora-clang | 0.3.0 | 50.11 | NOTE | |||
r-devel-linux-x86_64-fedora-gcc | 0.3.0 | 58.88 | NOTE | |||
r-devel-windows-x86_64 | 0.3.0 | 4.00 | 54.00 | 58.00 | NOTE | |
r-patched-linux-x86_64 | 0.3.0 | 1.93 | 33.84 | 35.77 | NOTE | |
r-release-linux-x86_64 | 0.3.0 | 2.70 | 33.56 | 36.26 | NOTE | |
r-release-macos-arm64 | 0.3.0 | 35.00 | NOTE | |||
r-release-windows-x86_64 | 0.3.0 | 4.00 | 54.00 | 58.00 | NOTE | |
r-oldrel-macos-arm64 | 0.3.0 | 34.00 | OK | |||
r-oldrel-macos-x86_64 | 0.3.0 | 42.00 | OK | |||
r-oldrel-windows-x86_64 | 0.3.0 | 4.00 | 56.00 | 60.00 | OK |
Version: 0.3.0
Check: Rd files
Result: NOTE
checkRd: (-1) get_policy_scores.Rd:63: Lost braces
63 | \code{low_estimate}\\code{high_estimate} columns. The \code{SD_estimate} column has the standard deviation of the
| ^
Flavors: r-devel-linux-x86_64-debian-clang, r-devel-linux-x86_64-debian-gcc, r-devel-linux-x86_64-fedora-clang, r-devel-linux-x86_64-fedora-gcc, r-devel-windows-x86_64, r-patched-linux-x86_64, r-release-linux-x86_64, r-release-macos-arm64, r-release-windows-x86_64
Version: 0.3.0
Check: dependencies in R code
Result: NOTE
Namespace in Imports field not imported from: ‘readr’
All declared Imports should be used.
Flavors: r-devel-linux-x86_64-fedora-clang, r-devel-linux-x86_64-fedora-gcc