Last updated on 2024-05-04 13:49:03 CEST.
Flavor | Version | Tinstall | Tcheck | Ttotal | Status | Flags |
---|---|---|---|---|---|---|
r-devel-linux-x86_64-debian-clang | 0.5.4 | 87.47 | 110.63 | 198.10 | NOTE | |
r-devel-linux-x86_64-debian-gcc | 0.5.4 | 62.29 | 81.92 | 144.21 | NOTE | |
r-devel-linux-x86_64-fedora-clang | 0.5.4 | 276.17 | NOTE | |||
r-devel-linux-x86_64-fedora-gcc | 0.5.4 | 245.63 | NOTE | |||
r-devel-windows-x86_64 | 0.5.4 | 70.00 | 119.00 | 189.00 | NOTE | |
r-patched-linux-x86_64 | 0.5.4 | 80.45 | 100.74 | 181.19 | NOTE | |
r-release-linux-x86_64 | 0.5.4 | 73.81 | 102.29 | 176.10 | NOTE | |
r-release-macos-arm64 | 0.5.4 | 61.00 | NOTE | |||
r-release-windows-x86_64 | 0.5.4 | 66.00 | 121.00 | 187.00 | NOTE | |
r-oldrel-macos-arm64 | 0.5.4 | 66.00 | NOTE | |||
r-oldrel-macos-x86_64 | 0.5.4 | 113.00 | NOTE | |||
r-oldrel-windows-x86_64 | 0.5.4 | 80.00 | 149.00 | 229.00 | NOTE |
Version: 0.5.4
Check: C++ specification
Result: NOTE
Specified C++11: please drop specification unless essential
Flavors: r-devel-linux-x86_64-debian-clang, r-devel-linux-x86_64-debian-gcc, r-devel-linux-x86_64-fedora-clang, r-devel-linux-x86_64-fedora-gcc, r-devel-windows-x86_64, r-patched-linux-x86_64, r-release-linux-x86_64, r-release-macos-arm64, r-release-windows-x86_64, r-oldrel-macos-arm64, r-oldrel-macos-x86_64, r-oldrel-windows-x86_64