Last updated on 2024-05-04 13:49:03 CEST.
Flavor | Version | Tinstall | Tcheck | Ttotal | Status | Flags |
---|---|---|---|---|---|---|
r-devel-linux-x86_64-debian-clang | 0.4.2.1 | 16.52 | 58.56 | 75.08 | OK | |
r-devel-linux-x86_64-debian-gcc | 0.4.2.1 | 14.21 | 42.98 | 57.19 | OK | |
r-devel-linux-x86_64-fedora-clang | 0.4.2.1 | 97.15 | NOTE | |||
r-devel-linux-x86_64-fedora-gcc | 0.4.2.1 | 102.36 | OK | |||
r-devel-windows-x86_64 | 0.4.2.1 | 28.00 | 74.00 | 102.00 | OK | |
r-patched-linux-x86_64 | 0.4.2.1 | 17.00 | 54.90 | 71.90 | OK | |
r-release-linux-x86_64 | 0.4.2.1 | 16.68 | 53.82 | 70.50 | OK | |
r-release-macos-arm64 | 0.4.2.1 | 38.00 | OK | |||
r-release-windows-x86_64 | 0.4.2.1 | 27.00 | 74.00 | 101.00 | OK | |
r-oldrel-macos-arm64 | 0.4.2.1 | 41.00 | OK | |||
r-oldrel-macos-x86_64 | 0.4.2.1 | 60.00 | OK | |||
r-oldrel-windows-x86_64 | 0.4.2.1 | 27.00 | 77.00 | 104.00 | OK |
Version: 0.4.2.1
Check: Rd cross-references
Result: NOTE
Undeclared package ‘caret’ in Rd xrefs
Flavor: r-devel-linux-x86_64-fedora-clang