Last updated on 2024-05-04 09:49:32 CEST.
Flavor | Version | Tinstall | Tcheck | Ttotal | Status | Flags |
---|---|---|---|---|---|---|
r-devel-linux-x86_64-debian-clang | 0.0.1 | 52.18 | 469.33 | 521.51 | OK | |
r-devel-linux-x86_64-debian-gcc | 0.0.1 | 40.66 | 324.41 | 365.07 | OK | |
r-devel-linux-x86_64-fedora-clang | 0.0.1 | 650.24 | NOTE | |||
r-devel-linux-x86_64-fedora-gcc | 0.0.1 | 589.87 | NOTE | |||
r-devel-windows-x86_64 | 0.0.1 | 42.00 | 273.00 | 315.00 | OK | |
r-patched-linux-x86_64 | 0.0.1 | 55.96 | 429.68 | 485.64 | OK | |
r-release-linux-x86_64 | 0.0.1 | 32.68 | 437.11 | 469.79 | OK | |
r-release-macos-arm64 | 0.0.1 | 147.00 | OK | |||
r-release-macos-x86_64 | 0.0.1 | 413.00 | OK | |||
r-release-windows-x86_64 | 0.0.1 | 39.00 | 270.00 | 309.00 | OK | |
r-oldrel-macos-arm64 | 0.0.1 | 151.00 | OK | |||
r-oldrel-macos-x86_64 | 0.0.1 | 407.00 | OK | |||
r-oldrel-windows-x86_64 | 0.0.1 | 56.00 | 366.00 | 422.00 | OK |
Version: 0.0.1
Check: data for non-ASCII characters
Result: NOTE
Note: found 9 marked UTF-8 strings
Flavors: r-devel-linux-x86_64-fedora-clang, r-devel-linux-x86_64-fedora-gcc