Last updated on 2024-05-04 09:49:32 CEST.
Flavor | Version | Tinstall | Tcheck | Ttotal | Status | Flags |
---|---|---|---|---|---|---|
r-devel-linux-x86_64-debian-clang | 1.1.0 | 14.79 | 180.53 | 195.32 | OK | |
r-devel-linux-x86_64-debian-gcc | 1.1.0 | 11.35 | 132.23 | 143.58 | OK | |
r-devel-linux-x86_64-fedora-clang | 1.1.0 | 242.43 | NOTE | |||
r-devel-linux-x86_64-fedora-gcc | 1.1.0 | 234.51 | OK | |||
r-devel-windows-x86_64 | 1.1.0 | 14.00 | 133.00 | 147.00 | NOTE | |
r-patched-linux-x86_64 | 1.1.0 | 11.59 | 169.77 | 181.36 | OK | |
r-release-linux-x86_64 | 1.1.0 | 12.09 | 172.24 | 184.33 | OK | |
r-release-macos-arm64 | 1.1.0 | 61.00 | NOTE | |||
r-release-windows-x86_64 | 1.1.0 | 13.00 | 132.00 | 145.00 | NOTE | |
r-oldrel-macos-arm64 | 1.1.0 | 64.00 | NOTE | |||
r-oldrel-macos-x86_64 | 1.1.0 | 135.00 | NOTE | |||
r-oldrel-windows-x86_64 | 1.1.0 | 14.00 | 170.00 | 184.00 | NOTE |
Version: 1.1.0
Check: installed package size
Result: NOTE
installed size is 5.3Mb
sub-directories of 1Mb or more:
doc 4.9Mb
Flavors: r-devel-linux-x86_64-fedora-clang, r-devel-windows-x86_64, r-release-macos-arm64, r-release-windows-x86_64, r-oldrel-macos-arm64, r-oldrel-macos-x86_64, r-oldrel-windows-x86_64