Last updated on 2024-05-04 09:49:32 CEST.
Flavor | Version | Tinstall | Tcheck | Ttotal | Status | Flags |
---|---|---|---|---|---|---|
r-devel-linux-x86_64-debian-clang | 0.1.1 | 7.07 | 27.59 | 34.66 | NOTE | |
r-devel-linux-x86_64-debian-gcc | 0.1.1 | 5.89 | 20.68 | 26.57 | NOTE | |
r-devel-linux-x86_64-fedora-clang | 0.1.1 | 42.34 | NOTE | |||
r-devel-linux-x86_64-fedora-gcc | 0.1.1 | 42.04 | NOTE | |||
r-devel-windows-x86_64 | 0.1.1 | 9.00 | 50.00 | 59.00 | NOTE | |
r-patched-linux-x86_64 | 0.1.1 | 6.12 | 26.22 | 32.34 | NOTE | |
r-release-linux-x86_64 | 0.1.1 | 7.40 | 26.58 | 33.98 | NOTE | |
r-release-macos-arm64 | 0.1.1 | 20.00 | NOTE | |||
r-release-windows-x86_64 | 0.1.1 | 9.00 | 48.00 | 57.00 | NOTE | |
r-oldrel-macos-arm64 | 0.1.1 | 20.00 | NOTE | |||
r-oldrel-macos-x86_64 | 0.1.1 | 28.00 | NOTE | |||
r-oldrel-windows-x86_64 | 0.1.1 | 7.00 | 50.00 | 57.00 | NOTE |
Version: 0.1.1
Check: LazyData
Result: NOTE
'LazyData' is specified without a 'data' directory
Flavors: r-devel-linux-x86_64-debian-clang, r-devel-linux-x86_64-debian-gcc, r-devel-linux-x86_64-fedora-clang, r-devel-linux-x86_64-fedora-gcc, r-devel-windows-x86_64, r-patched-linux-x86_64, r-release-linux-x86_64, r-release-macos-arm64, r-release-windows-x86_64, r-oldrel-macos-arm64, r-oldrel-macos-x86_64, r-oldrel-windows-x86_64
Version: 0.1.1
Check: installed package size
Result: NOTE
installed size is 5.6Mb
sub-directories of 1Mb or more:
libs 5.4Mb
Flavor: r-devel-linux-x86_64-fedora-clang