Last updated on 2024-05-04 13:49:04 CEST.
Flavor | Version | Tinstall | Tcheck | Ttotal | Status | Flags |
---|---|---|---|---|---|---|
r-devel-linux-x86_64-debian-clang | 0.0-1 | 11.73 | 202.33 | 214.06 | NOTE | |
r-devel-linux-x86_64-debian-gcc | 0.0-1 | 11.61 | 140.77 | 152.38 | NOTE | |
r-devel-linux-x86_64-fedora-clang | 0.0-1 | 260.32 | NOTE | |||
r-devel-linux-x86_64-fedora-gcc | 0.0-1 | 246.99 | NOTE | |||
r-devel-windows-x86_64 | 0.0-1 | 11.00 | 150.00 | 161.00 | NOTE | |
r-patched-linux-x86_64 | 0.0-1 | 9.34 | 190.04 | 199.38 | NOTE | |
r-release-linux-x86_64 | 0.0-1 | 8.58 | 187.41 | 195.99 | NOTE | |
r-release-macos-arm64 | 0.0-1 | 63.00 | NOTE | |||
r-release-windows-x86_64 | 0.0-1 | 12.00 | 148.00 | 160.00 | NOTE | |
r-oldrel-macos-arm64 | 0.0-1 | 80.00 | OK | |||
r-oldrel-macos-x86_64 | 0.0-1 | 116.00 | OK | |||
r-oldrel-windows-x86_64 | 0.0-1 | 16.00 | 183.00 | 199.00 | OK |
Version: 0.0-1
Check: Rd files
Result: NOTE
checkRd: (-1) setCPT.O.Rd:85: Lost braces; missing escapes or markup?
85 | statespace {0,1,2}, which this is *not* checked anywhere. Thus, if
| ^
Flavors: r-devel-linux-x86_64-debian-clang, r-devel-linux-x86_64-debian-gcc, r-devel-linux-x86_64-fedora-clang, r-devel-linux-x86_64-fedora-gcc, r-devel-windows-x86_64, r-patched-linux-x86_64, r-release-linux-x86_64, r-release-macos-arm64, r-release-windows-x86_64