Last updated on 2024-05-04 09:49:33 CEST.
Flavor | Version | Tinstall | Tcheck | Ttotal | Status | Flags |
---|---|---|---|---|---|---|
r-devel-linux-x86_64-debian-clang | 1.3.8 | 48.50 | 113.31 | 161.81 | OK | |
r-devel-linux-x86_64-debian-gcc | 1.3.8 | 36.80 | 84.13 | 120.93 | OK | |
r-devel-linux-x86_64-fedora-clang | 1.3.8 | 201.99 | OK | |||
r-devel-linux-x86_64-fedora-gcc | 1.3.8 | 199.32 | OK | |||
r-devel-windows-x86_64 | 1.3.8 | 40.00 | 109.00 | 149.00 | OK | |
r-patched-linux-x86_64 | 1.3.8 | 52.20 | 104.20 | 156.40 | OK | |
r-release-linux-x86_64 | 1.3.8 | 40.34 | 105.97 | 146.31 | OK | |
r-release-macos-arm64 | 1.3.8 | 49.00 | NOTE | |||
r-release-macos-x86_64 | 1.3.8 | 163.00 | NOTE | |||
r-release-windows-x86_64 | 1.3.8 | 39.00 | 108.00 | 147.00 | OK | |
r-oldrel-macos-arm64 | 1.3.8 | 61.00 | NOTE | |||
r-oldrel-macos-x86_64 | 1.3.8 | 163.00 | NOTE | |||
r-oldrel-windows-x86_64 | 1.3.8 | 50.00 | 135.00 | 185.00 | OK |
Version: 1.3.8
Check: installed package size
Result: NOTE
installed size is 7.4Mb
sub-directories of 1Mb or more:
libs 7.2Mb
Flavors: r-release-macos-arm64, r-release-macos-x86_64, r-oldrel-macos-arm64, r-oldrel-macos-x86_64