Last updated on 2024-05-04 13:49:04 CEST.
Flavor | Version | Tinstall | Tcheck | Ttotal | Status | Flags |
---|---|---|---|---|---|---|
r-devel-linux-x86_64-debian-clang | 2.5-2 | 1.36 | 2.44 | 3.80 | ERROR | |
r-devel-linux-x86_64-debian-gcc | 2.5-2 | 33.86 | 647.48 | 681.34 | OK | |
r-devel-linux-x86_64-fedora-clang | 2.5-2 | 1240.16 | NOTE | |||
r-devel-linux-x86_64-fedora-gcc | 2.5-2 | 1130.73 | OK | |||
r-devel-windows-x86_64 | 2.5-2 | 39.00 | 570.00 | 609.00 | NOTE | |
r-patched-linux-x86_64 | 2.5-2 | 40.01 | 839.78 | 879.79 | OK | |
r-release-linux-x86_64 | 2.5-2 | 38.02 | 829.11 | 867.13 | OK | |
r-release-macos-arm64 | 2.5-2 | 295.00 | NOTE | |||
r-release-macos-x86_64 | 2.5-2 | 812.00 | NOTE | |||
r-release-windows-x86_64 | 2.5-2 | 38.00 | 586.00 | 624.00 | NOTE | |
r-oldrel-macos-arm64 | 2.5-2 | 301.00 | NOTE | |||
r-oldrel-macos-x86_64 | 2.5-2 | 609.00 | NOTE | |||
r-oldrel-windows-x86_64 | 2.5-2 | 52.00 | 793.00 | 845.00 | NOTE |
Version: 2.5-2
Check: package dependencies
Result: ERROR
Packages required but not available: 'DESeq2', 'SummarizedExperiment'
Package suggested but not available for checking: ‘sva’
See section ‘The DESCRIPTION file’ in the ‘Writing R Extensions’
manual.
Flavor: r-devel-linux-x86_64-debian-clang
Version: 2.5-2
Check: installed package size
Result: NOTE
installed size is 6.1Mb
sub-directories of 1Mb or more:
doc 2.9Mb
Flavors: r-devel-linux-x86_64-fedora-clang, r-devel-windows-x86_64, r-release-macos-arm64, r-release-macos-x86_64, r-release-windows-x86_64, r-oldrel-macos-arm64, r-oldrel-macos-x86_64, r-oldrel-windows-x86_64