Last updated on 2024-05-04 13:49:04 CEST.
Flavor | Version | Tinstall | Tcheck | Ttotal | Status | Flags |
---|---|---|---|---|---|---|
r-devel-linux-x86_64-debian-clang | 1.1.0 | 43.91 | 51.32 | 95.23 | OK | |
r-devel-linux-x86_64-debian-gcc | 1.1.0 | 35.71 | 37.55 | 73.26 | OK | |
r-devel-linux-x86_64-fedora-clang | 1.1.0 | 116.35 | OK | |||
r-devel-linux-x86_64-fedora-gcc | 1.1.0 | 122.79 | OK | |||
r-devel-windows-x86_64 | 1.1.0 | 32.00 | 77.00 | 109.00 | OK | |
r-patched-linux-x86_64 | 1.1.0 | 34.76 | 49.09 | 83.85 | OK | |
r-release-linux-x86_64 | 1.1.0 | 38.29 | 49.81 | 88.10 | OK | |
r-release-macos-arm64 | 1.1.0 | 37.00 | NOTE | |||
r-release-windows-x86_64 | 1.1.0 | 30.00 | 72.00 | 102.00 | OK | |
r-oldrel-macos-arm64 | 1.1.0 | 39.00 | NOTE | |||
r-oldrel-macos-x86_64 | 1.1.0 | 99.00 | NOTE | |||
r-oldrel-windows-x86_64 | 1.1.0 | 38.00 | 86.00 | 124.00 | OK |
Version: 1.1.0
Check: installed package size
Result: NOTE
installed size is 13.2Mb
sub-directories of 1Mb or more:
libs 13.1Mb
Flavors: r-release-macos-arm64, r-oldrel-macos-arm64, r-oldrel-macos-x86_64