Last updated on 2024-05-04 17:52:44 CEST.
Flavor | Version | Tinstall | Tcheck | Ttotal | Status | Flags |
---|---|---|---|---|---|---|
r-devel-linux-x86_64-debian-clang | 0.1.5 | 5.47 | 59.69 | 65.16 | NOTE | |
r-devel-linux-x86_64-debian-gcc | 0.1.5 | 4.23 | 45.26 | 49.49 | NOTE | |
r-devel-linux-x86_64-fedora-clang | 0.1.5 | 86.22 | NOTE | |||
r-devel-linux-x86_64-fedora-gcc | 0.1.5 | 92.15 | NOTE | |||
r-devel-windows-x86_64 | 0.1.5 | 9.00 | 71.00 | 80.00 | NOTE | |
r-patched-linux-x86_64 | 0.1.5 | 5.87 | 56.97 | 62.84 | NOTE | |
r-release-linux-x86_64 | 0.1.5 | 5.24 | 57.32 | 62.56 | NOTE | |
r-release-macos-arm64 | 0.1.5 | 43.00 | NOTE | |||
r-release-windows-x86_64 | 0.1.5 | 6.00 | 64.00 | 70.00 | NOTE | |
r-oldrel-macos-arm64 | 0.1.5 | 46.00 | OK | |||
r-oldrel-macos-x86_64 | 0.1.5 | 60.00 | OK | |||
r-oldrel-windows-x86_64 | 0.1.5 | 7.00 | 75.00 | 82.00 | OK |
Version: 0.1.5
Check: Rd files
Result: NOTE
checkRd: (-1) data_edit.Rd:137: Lost braces
137 | code{data_edit} is a shiny application built on \code{rhandsontable} that is
| ^
Flavors: r-devel-linux-x86_64-debian-clang, r-devel-linux-x86_64-debian-gcc, r-devel-linux-x86_64-fedora-clang, r-devel-linux-x86_64-fedora-gcc, r-devel-windows-x86_64, r-patched-linux-x86_64, r-release-linux-x86_64, r-release-macos-arm64, r-release-windows-x86_64