Last updated on 2024-05-04 13:49:03 CEST.
Flavor | Version | Tinstall | Tcheck | Ttotal | Status | Flags |
---|---|---|---|---|---|---|
r-devel-linux-x86_64-debian-clang | 1.0.6 | 14.58 | 158.43 | 173.01 | OK | |
r-devel-linux-x86_64-debian-gcc | 1.0.6 | 10.54 | 114.15 | 124.69 | OK | |
r-devel-linux-x86_64-fedora-clang | 1.0.6 | 211.59 | OK | |||
r-devel-linux-x86_64-fedora-gcc | 1.0.6 | 200.82 | OK | |||
r-devel-windows-x86_64 | 1.0.6 | 14.00 | 148.00 | 162.00 | OK | |
r-patched-linux-x86_64 | 1.0.6 | 17.28 | 148.08 | 165.36 | OK | |
r-release-linux-x86_64 | 1.0.6 | 15.06 | 145.69 | 160.75 | OK | |
r-release-macos-arm64 | 1.0.6 | 66.00 | OK | |||
r-release-windows-x86_64 | 1.0.6 | 14.00 | 147.00 | 161.00 | OK | |
r-oldrel-macos-arm64 | 1.0.6 | 67.00 | OK | |||
r-oldrel-macos-x86_64 | 1.0.6 | 130.00 | NOTE | |||
r-oldrel-windows-x86_64 | 1.0.6 | 17.00 | 168.00 | 185.00 | OK |
Version: 1.0.6
Check: package dependencies
Result: NOTE
Packages suggested but not available for checking: 'EMD', 'astrochron'
Flavor: r-oldrel-macos-x86_64