Last updated on 2024-05-04 09:49:32 CEST.
Flavor | Version | Tinstall | Tcheck | Ttotal | Status | Flags |
---|---|---|---|---|---|---|
r-devel-linux-x86_64-debian-clang | 8.4.0 | 5.47 | 40.61 | 46.08 | OK | |
r-devel-linux-x86_64-debian-gcc | 8.4.0 | 3.40 | 29.02 | 32.42 | OK | |
r-devel-linux-x86_64-fedora-clang | 8.4.0 | 61.55 | NOTE | |||
r-devel-linux-x86_64-fedora-gcc | 8.4.0 | 52.25 | OK | |||
r-devel-windows-x86_64 | 8.4.0 | 8.00 | 64.00 | 72.00 | OK | |
r-patched-linux-x86_64 | 8.4.0 | 4.49 | 37.88 | 42.37 | OK | |
r-release-linux-x86_64 | 8.4.0 | 3.80 | 37.79 | 41.59 | OK | |
r-release-macos-arm64 | 8.4.0 | 24.00 | OK | |||
r-release-macos-x86_64 | 8.4.0 | 59.00 | OK | |||
r-release-windows-x86_64 | 8.4.0 | 7.00 | 62.00 | 69.00 | OK | |
r-oldrel-macos-arm64 | 8.4.0 | 33.00 | OK | |||
r-oldrel-macos-x86_64 | 8.4.0 | 60.00 | OK | |||
r-oldrel-windows-x86_64 | 8.4.0 | 8.00 | 62.00 | 70.00 | OK |
Version: 8.4.0
Check: Rd cross-references
Result: NOTE
Undeclared packages ‘e1071’, ‘nloptr’ in Rd xrefs
Flavor: r-devel-linux-x86_64-fedora-clang