Last updated on 2024-05-04 05:50:19 CEST.
Flavor | Version | Tinstall | Tcheck | Ttotal | Status | Flags |
---|---|---|---|---|---|---|
r-devel-linux-x86_64-debian-clang | 1.2 | 1.03 | 2.18 | 3.21 | ERROR | |
r-devel-linux-x86_64-fedora-clang | 1.2 | 402.56 | OK | |||
r-devel-linux-x86_64-fedora-gcc | 1.2 | 355.92 | OK | |||
r-devel-windows-x86_64 | 1.2 | 26.00 | 183.00 | 209.00 | OK | |
r-patched-linux-x86_64 | 1.2 | 19.18 | 254.35 | 273.53 | OK | |
r-release-linux-x86_64 | 1.2 | 19.13 | 253.66 | 272.79 | OK | |
r-release-macos-arm64 | 1.2 | 97.00 | OK | |||
r-release-macos-x86_64 | 1.2 | 193.00 | OK | |||
r-release-windows-x86_64 | 1.2 | 26.00 | 181.00 | 207.00 | OK | |
r-oldrel-macos-arm64 | 1.2 | 102.00 | OK | |||
r-oldrel-macos-x86_64 | 1.2 | 179.00 | OK | |||
r-oldrel-windows-x86_64 | 1.2 | 35.00 | 245.00 | 280.00 | OK |
Version: 1.2
Check: package dependencies
Result: ERROR
Package required but not available: ‘WGCNA’
See section ‘The DESCRIPTION file’ in the ‘Writing R Extensions’
manual.
Flavor: r-devel-linux-x86_64-debian-clang