Last updated on 2024-05-04 13:49:04 CEST.
Flavor | Version | Tinstall | Tcheck | Ttotal | Status | Flags |
---|---|---|---|---|---|---|
r-devel-linux-x86_64-debian-clang | 0.6.4 | 4.72 | 38.20 | 42.92 | NOTE | |
r-devel-linux-x86_64-debian-gcc | 0.6.4 | 3.39 | 29.10 | 32.49 | NOTE | |
r-devel-linux-x86_64-fedora-clang | 0.6.4 | 56.70 | NOTE | |||
r-devel-linux-x86_64-fedora-gcc | 0.6.4 | 51.69 | NOTE | |||
r-devel-windows-x86_64 | 0.6.4 | 5.00 | 57.00 | 62.00 | NOTE | |
r-patched-linux-x86_64 | 0.6.4 | 2.66 | 36.86 | 39.52 | NOTE | |
r-release-linux-x86_64 | 0.6.4 | 3.53 | 36.51 | 40.04 | NOTE | |
r-release-macos-arm64 | 0.6.4 | 21.00 | NOTE | |||
r-release-windows-x86_64 | 0.6.4 | 4.00 | 55.00 | 59.00 | NOTE | |
r-oldrel-macos-arm64 | 0.6.4 | 22.00 | NOTE | |||
r-oldrel-macos-x86_64 | 0.6.4 | 31.00 | NOTE | |||
r-oldrel-windows-x86_64 | 0.6.4 | 6.00 | 56.00 | 62.00 | NOTE |
Version: 0.6.4
Check: package dependencies
Result: NOTE
Package suggested but not available for checking: ‘rrelaxiv’
Flavors: r-devel-linux-x86_64-debian-clang, r-devel-linux-x86_64-debian-gcc, r-devel-linux-x86_64-fedora-clang, r-devel-linux-x86_64-fedora-gcc, r-devel-windows-x86_64, r-patched-linux-x86_64, r-release-linux-x86_64, r-release-macos-arm64, r-release-windows-x86_64, r-oldrel-macos-arm64, r-oldrel-macos-x86_64, r-oldrel-windows-x86_64