Last updated on 2024-05-04 13:49:03 CEST.
Flavor | Version | Tinstall | Tcheck | Ttotal | Status | Flags |
---|---|---|---|---|---|---|
r-devel-linux-x86_64-debian-clang | 2.2-0 | 5.01 | 60.93 | 65.94 | OK | |
r-devel-linux-x86_64-debian-gcc | 2.2-0 | 5.71 | 44.55 | 50.26 | OK | |
r-devel-linux-x86_64-fedora-clang | 2.2-0 | 87.74 | OK | |||
r-devel-linux-x86_64-fedora-gcc | 2.2-0 | 121.99 | OK | |||
r-devel-windows-x86_64 | 2.2-0 | 6.00 | 64.00 | 70.00 | OK | |
r-patched-linux-x86_64 | 2.2-0 | 6.70 | 55.77 | 62.47 | OK | |
r-release-linux-x86_64 | 2.2-0 | 4.16 | 55.49 | 59.65 | OK | |
r-release-macos-arm64 | 2.2-0 | 33.00 | NOTE | |||
r-release-windows-x86_64 | 2.2-0 | 6.00 | 62.00 | 68.00 | OK | |
r-oldrel-macos-arm64 | 2.2-0 | 47.00 | OK | |||
r-oldrel-macos-x86_64 | 2.2-0 | 92.00 | OK | |||
r-oldrel-windows-x86_64 | 2.2-0 | 8.00 | 70.00 | 78.00 | OK |
Version: 2.2-0
Check: package dependencies
Result: NOTE
Package suggested but not available for checking: ‘rlibkriging’
Flavor: r-release-macos-arm64