Last updated on 2024-05-04 13:49:04 CEST.
Flavor | Version | Tinstall | Tcheck | Ttotal | Status | Flags |
---|---|---|---|---|---|---|
r-devel-linux-x86_64-debian-clang | 0.1.0 | 2.86 | 30.07 | 32.93 | NOTE | |
r-devel-linux-x86_64-debian-gcc | 0.1.0 | 2.52 | 19.71 | 22.23 | OK | |
r-devel-linux-x86_64-fedora-clang | 0.1.0 | 37.44 | NOTE | |||
r-devel-linux-x86_64-fedora-gcc | 0.1.0 | 34.83 | OK | |||
r-devel-windows-x86_64 | 0.1.0 | 6.00 | 43.00 | 49.00 | OK | |
r-patched-linux-x86_64 | 0.1.0 | 3.41 | 24.36 | 27.77 | OK | |
r-release-linux-x86_64 | 0.1.0 | 3.47 | 24.28 | 27.75 | OK | |
r-release-macos-arm64 | 0.1.0 | 17.00 | OK | |||
r-release-macos-x86_64 | 0.1.0 | 35.00 | OK | |||
r-release-windows-x86_64 | 0.1.0 | 5.00 | 43.00 | 48.00 | OK | |
r-oldrel-macos-arm64 | 0.1.0 | 28.00 | NOTE | |||
r-oldrel-macos-x86_64 | 0.1.0 | 37.00 | NOTE | |||
r-oldrel-windows-x86_64 | 0.1.0 | 5.00 | 43.00 | 48.00 | OK |
Version: 0.1.0
Check: Rd cross-references
Result: NOTE
Package unavailable to check Rd xrefs: ‘airway’
Flavors: r-devel-linux-x86_64-debian-clang, r-oldrel-macos-arm64, r-oldrel-macos-x86_64
Version: 0.1.0
Check: Rd cross-references
Result: NOTE
Undeclared packages ‘airway’, ‘fdrDiscreteNull’ in Rd xrefs
Flavor: r-devel-linux-x86_64-fedora-clang