Last updated on 2024-05-04 09:49:33 CEST.
Flavor | Version | Tinstall | Tcheck | Ttotal | Status | Flags |
---|---|---|---|---|---|---|
r-devel-linux-x86_64-debian-clang | 0.2.3 | 9.05 | 93.64 | 102.69 | NOTE | |
r-devel-linux-x86_64-debian-gcc | 0.2.3 | 7.30 | 68.47 | 75.77 | NOTE | |
r-devel-linux-x86_64-fedora-clang | 0.2.3 | 124.70 | NOTE | |||
r-devel-linux-x86_64-fedora-gcc | 0.2.3 | 134.22 | NOTE | |||
r-devel-windows-x86_64 | 0.2.3 | 8.00 | 112.00 | 120.00 | NOTE | |
r-patched-linux-x86_64 | 0.2.3 | 8.53 | 88.06 | 96.59 | NOTE | |
r-release-linux-x86_64 | 0.2.3 | 7.22 | 88.68 | 95.90 | NOTE | |
r-release-macos-arm64 | 0.2.3 | 36.00 | NOTE | |||
r-release-windows-x86_64 | 0.2.3 | 8.00 | 105.00 | 113.00 | NOTE | |
r-oldrel-macos-arm64 | 0.2.3 | 42.00 | OK | |||
r-oldrel-macos-x86_64 | 0.2.3 | 97.00 | OK | |||
r-oldrel-windows-x86_64 | 0.2.3 | 10.00 | 106.00 | 116.00 | OK |
Version: 0.2.3
Check: Rd files
Result: NOTE
checkRd: (-1) py_select_interpreter.Rd:5: Lost braces; missing escapes or markup?
5 | \title{Tell {reticulate} to use Python Conda version available on Domino Data Lab.}
| ^
Flavors: r-devel-linux-x86_64-debian-clang, r-devel-linux-x86_64-debian-gcc, r-devel-linux-x86_64-fedora-clang, r-devel-linux-x86_64-fedora-gcc, r-devel-windows-x86_64, r-patched-linux-x86_64, r-release-linux-x86_64, r-release-macos-arm64, r-release-windows-x86_64