Last updated on 2024-05-04 09:49:33 CEST.
Flavor | Version | Tinstall | Tcheck | Ttotal | Status | Flags |
---|---|---|---|---|---|---|
r-devel-linux-x86_64-debian-clang | 0.1.4 | 0.61 | 2.35 | 2.96 | ERROR | |
r-devel-linux-x86_64-debian-gcc | 0.1.4 | 4.86 | 69.62 | 74.48 | NOTE | |
r-devel-linux-x86_64-fedora-clang | 0.1.4 | 133.96 | NOTE | |||
r-devel-linux-x86_64-fedora-gcc | 0.1.4 | 132.20 | NOTE | |||
r-devel-windows-x86_64 | 0.1.4 | 9.00 | 105.00 | 114.00 | NOTE | |
r-patched-linux-x86_64 | 0.1.4 | 6.04 | 87.98 | 94.02 | NOTE | |
r-release-linux-x86_64 | 0.1.4 | 5.24 | 88.80 | 94.04 | NOTE | |
r-release-macos-arm64 | 0.1.4 | 45.00 | NOTE | |||
r-release-macos-x86_64 | 0.1.4 | 79.00 | OK | |||
r-release-windows-x86_64 | 0.1.4 | 9.00 | 103.00 | 112.00 | NOTE | |
r-oldrel-macos-arm64 | 0.1.4 | 54.00 | OK | |||
r-oldrel-macos-x86_64 | 0.1.4 | 77.00 | OK | |||
r-oldrel-windows-x86_64 | 0.1.4 | 11.00 | 118.00 | 129.00 | OK |
Version: 0.1.4
Check: package dependencies
Result: ERROR
Package required but not available: ‘WGCNA’
See section ‘The DESCRIPTION file’ in the ‘Writing R Extensions’
manual.
Flavor: r-devel-linux-x86_64-debian-clang
Version: 0.1.4
Check: Rd files
Result: NOTE
checkRd: (-1) generate_individual_graphs.Rd:11: Lost braces
11 | code{\link[DrDimont]{compute_correlation_matrices}}}
| ^
Flavors: r-devel-linux-x86_64-debian-gcc, r-devel-linux-x86_64-fedora-clang, r-devel-linux-x86_64-fedora-gcc, r-devel-windows-x86_64, r-patched-linux-x86_64, r-release-linux-x86_64, r-release-macos-arm64, r-release-windows-x86_64