Last updated on 2024-05-04 09:49:33 CEST.
Flavor | Version | Tinstall | Tcheck | Ttotal | Status | Flags |
---|---|---|---|---|---|---|
r-devel-linux-x86_64-debian-clang | 0.5.3 | 7.90 | 526.61 | 534.51 | ERROR | |
r-devel-linux-x86_64-debian-gcc | 0.5.3 | 7.23 | 365.48 | 372.71 | ERROR | |
r-devel-linux-x86_64-fedora-clang | 0.5.3 | 620.16 | ERROR | |||
r-devel-linux-x86_64-fedora-gcc | 0.5.3 | 607.15 | ERROR | |||
r-devel-windows-x86_64 | 0.5.3 | 9.00 | 208.00 | 217.00 | ERROR | |
r-patched-linux-x86_64 | 0.5.3 | 6.65 | 479.02 | 485.67 | ERROR | |
r-release-linux-x86_64 | 0.5.3 | 6.30 | 488.66 | 494.96 | OK | |
r-release-macos-arm64 | 0.5.3 | 104.00 | OK | |||
r-release-macos-x86_64 | 0.5.3 | 209.00 | OK | |||
r-release-windows-x86_64 | 0.5.3 | 9.00 | 202.00 | 211.00 | OK | |
r-oldrel-macos-arm64 | 0.5.3 | 111.00 | OK | |||
r-oldrel-macos-x86_64 | 0.5.3 | 257.00 | OK | |||
r-oldrel-windows-x86_64 | 0.5.3 | 13.00 | 288.00 | 301.00 | ERROR |
Version: 0.5.3
Check: tests
Result: ERROR
Running ‘testthat.R’ [454s/289s]
Running the tests in ‘tests/testthat.R’ failed.
Complete output:
> # This file is part of the standard setup for testthat.
> # It is recommended that you do not modify it.
> #
> # Where should you do additional test configuration?
> # Learn more about the roles of various files in:
> # * https://r-pkgs.org/tests.html
> # * https://testthat.r-lib.org/reference/test_package.html#special-files
>
> library(testthat)
> library(DrugUtilisation)
>
> test_check("DrugUtilisation")
Starting 2 test processes
[ FAIL 3 | WARN 71 | SKIP 20 | PASS 154 ]
══ Skipped tests (20) ══════════════════════════════════════════════════════════
• On CRAN (19): 'test-benchmarkDUS.R:2:3', 'test-dailyDose.R:2:3',
'test-generateDrugUtilisationCohortSet.R:48:3',
'test-generateDrugUtilisationCohortSet.R:147:3',
'test-generateDrugUtilisationCohortSet.R:203:3',
'test-generateDrugUtilisationCohortSet.R:253:3',
'test-generateDrugUtilisationCohortSet.R:349:3', 'test-drugUse.R:2:3',
'test-drugUse.R:40:3', 'test-drugUse.R:254:3', 'test-drugUse.R:455:3',
'test-drugUse.R:597:3', 'test-drugUse.R:847:3', 'test-drugUse.R:868:3',
'test-drugUse.R:914:3', 'test-indication.R:3:3', 'test-indication.R:185:3',
'test-indication.R:339:3', 'test-indication.R:464:3'
• empty test (1): 'test-generateConceptCohortSet.R:1:1'
══ Failed tests ════════════════════════════════════════════════════════════════
── Failure ('test-indication.R:648:3'): summariseIndication ────────────────────
grepl("summarised_indication", unique(result$result_type)) is not TRUE
`actual`:
`expected`: TRUE
── Failure ('test-largeScaleCharacteristics.R:8:3'): basic functionality summariseCodelist ──
Expected `summariseCharacteristicsFromCodelist(cdm[["cohort1"]], conceptSet = conceptSet)` to run without any errors.
i Actually got a <vctrs_error_subscript_oob> with text:
Can't select columns that don't exist.
x Column `result_type` doesn't exist.
── Failure ('test-largeScaleCharacteristics.R:14:3'): basic functionality summariseCodelist ──
Expected `summariseCharacteristicsFromCodelist(...)` to run without any errors.
i Actually got a <vctrs_error_subscript_oob> with text:
Can't select columns that don't exist.
x Column `result_type` doesn't exist.
[ FAIL 3 | WARN 71 | SKIP 20 | PASS 154 ]
Error: Test failures
Execution halted
Flavor: r-devel-linux-x86_64-debian-clang
Version: 0.5.3
Check: tests
Result: ERROR
Running ‘testthat.R’ [314s/272s]
Running the tests in ‘tests/testthat.R’ failed.
Complete output:
> # This file is part of the standard setup for testthat.
> # It is recommended that you do not modify it.
> #
> # Where should you do additional test configuration?
> # Learn more about the roles of various files in:
> # * https://r-pkgs.org/tests.html
> # * https://testthat.r-lib.org/reference/test_package.html#special-files
>
> library(testthat)
> library(DrugUtilisation)
>
> test_check("DrugUtilisation")
Starting 2 test processes
[ FAIL 3 | WARN 71 | SKIP 20 | PASS 154 ]
══ Skipped tests (20) ══════════════════════════════════════════════════════════
• On CRAN (19): 'test-benchmarkDUS.R:2:3', 'test-dailyDose.R:2:3',
'test-generateDrugUtilisationCohortSet.R:48:3',
'test-generateDrugUtilisationCohortSet.R:147:3',
'test-generateDrugUtilisationCohortSet.R:203:3',
'test-generateDrugUtilisationCohortSet.R:253:3',
'test-generateDrugUtilisationCohortSet.R:349:3', 'test-drugUse.R:2:3',
'test-drugUse.R:40:3', 'test-drugUse.R:254:3', 'test-drugUse.R:455:3',
'test-drugUse.R:597:3', 'test-drugUse.R:847:3', 'test-drugUse.R:868:3',
'test-drugUse.R:914:3', 'test-indication.R:3:3', 'test-indication.R:185:3',
'test-indication.R:339:3', 'test-indication.R:464:3'
• empty test (1): 'test-generateConceptCohortSet.R:1:1'
══ Failed tests ════════════════════════════════════════════════════════════════
── Failure ('test-indication.R:648:3'): summariseIndication ────────────────────
grepl("summarised_indication", unique(result$result_type)) is not TRUE
`actual`:
`expected`: TRUE
── Failure ('test-largeScaleCharacteristics.R:8:3'): basic functionality summariseCodelist ──
Expected `summariseCharacteristicsFromCodelist(cdm[["cohort1"]], conceptSet = conceptSet)` to run without any errors.
i Actually got a <vctrs_error_subscript_oob> with text:
Can't select columns that don't exist.
x Column `result_type` doesn't exist.
── Failure ('test-largeScaleCharacteristics.R:14:3'): basic functionality summariseCodelist ──
Expected `summariseCharacteristicsFromCodelist(...)` to run without any errors.
i Actually got a <vctrs_error_subscript_oob> with text:
Can't select columns that don't exist.
x Column `result_type` doesn't exist.
[ FAIL 3 | WARN 71 | SKIP 20 | PASS 154 ]
Error: Test failures
Execution halted
Flavor: r-devel-linux-x86_64-debian-gcc
Version: 0.5.3
Check: tests
Result: ERROR
Running ‘testthat.R’ [515s/281s]
Running the tests in ‘tests/testthat.R’ failed.
Complete output:
> # This file is part of the standard setup for testthat.
> # It is recommended that you do not modify it.
> #
> # Where should you do additional test configuration?
> # Learn more about the roles of various files in:
> # * https://r-pkgs.org/tests.html
> # * https://testthat.r-lib.org/reference/test_package.html#special-files
>
> library(testthat)
> library(DrugUtilisation)
>
> test_check("DrugUtilisation")
Starting 2 test processes
[ FAIL 3 | WARN 71 | SKIP 20 | PASS 154 ]
══ Skipped tests (20) ══════════════════════════════════════════════════════════
• On CRAN (19): 'test-benchmarkDUS.R:2:3', 'test-dailyDose.R:2:3',
'test-generateDrugUtilisationCohortSet.R:48:3',
'test-generateDrugUtilisationCohortSet.R:147:3',
'test-generateDrugUtilisationCohortSet.R:203:3',
'test-generateDrugUtilisationCohortSet.R:253:3',
'test-generateDrugUtilisationCohortSet.R:349:3', 'test-drugUse.R:2:3',
'test-drugUse.R:40:3', 'test-drugUse.R:254:3', 'test-drugUse.R:455:3',
'test-drugUse.R:597:3', 'test-drugUse.R:847:3', 'test-drugUse.R:868:3',
'test-drugUse.R:914:3', 'test-indication.R:3:3', 'test-indication.R:185:3',
'test-indication.R:339:3', 'test-indication.R:464:3'
• empty test (1): 'test-generateConceptCohortSet.R:1:1'
══ Failed tests ════════════════════════════════════════════════════════════════
── Failure ('test-indication.R:648:3'): summariseIndication ────────────────────
grepl("summarised_indication", unique(result$result_type)) is not TRUE
`actual`:
`expected`: TRUE
── Failure ('test-largeScaleCharacteristics.R:8:3'): basic functionality summariseCodelist ──
Expected `summariseCharacteristicsFromCodelist(cdm[["cohort1"]], conceptSet = conceptSet)` to run without any errors.
i Actually got a <vctrs_error_subscript_oob> with text:
Can't select columns that don't exist.
x Column `result_type` doesn't exist.
── Failure ('test-largeScaleCharacteristics.R:14:3'): basic functionality summariseCodelist ──
Expected `summariseCharacteristicsFromCodelist(...)` to run without any errors.
i Actually got a <vctrs_error_subscript_oob> with text:
Can't select columns that don't exist.
x Column `result_type` doesn't exist.
[ FAIL 3 | WARN 71 | SKIP 20 | PASS 154 ]
Error: Test failures
Execution halted
Flavor: r-devel-linux-x86_64-fedora-clang
Version: 0.5.3
Check: tests
Result: ERROR
Running ‘testthat.R’ [506s/273s]
Running the tests in ‘tests/testthat.R’ failed.
Complete output:
> # This file is part of the standard setup for testthat.
> # It is recommended that you do not modify it.
> #
> # Where should you do additional test configuration?
> # Learn more about the roles of various files in:
> # * https://r-pkgs.org/tests.html
> # * https://testthat.r-lib.org/reference/test_package.html#special-files
>
> library(testthat)
> library(DrugUtilisation)
>
> test_check("DrugUtilisation")
Starting 2 test processes
[ FAIL 3 | WARN 71 | SKIP 20 | PASS 154 ]
══ Skipped tests (20) ══════════════════════════════════════════════════════════
• On CRAN (19): 'test-benchmarkDUS.R:2:3', 'test-dailyDose.R:2:3',
'test-generateDrugUtilisationCohortSet.R:48:3',
'test-generateDrugUtilisationCohortSet.R:147:3',
'test-generateDrugUtilisationCohortSet.R:203:3',
'test-generateDrugUtilisationCohortSet.R:253:3',
'test-generateDrugUtilisationCohortSet.R:349:3', 'test-drugUse.R:2:3',
'test-drugUse.R:40:3', 'test-drugUse.R:254:3', 'test-drugUse.R:455:3',
'test-drugUse.R:597:3', 'test-drugUse.R:847:3', 'test-drugUse.R:868:3',
'test-drugUse.R:914:3', 'test-indication.R:3:3', 'test-indication.R:185:3',
'test-indication.R:339:3', 'test-indication.R:464:3'
• empty test (1): 'test-generateConceptCohortSet.R:1:1'
══ Failed tests ════════════════════════════════════════════════════════════════
── Failure ('test-indication.R:648:3'): summariseIndication ────────────────────
grepl("summarised_indication", unique(result$result_type)) is not TRUE
`actual`:
`expected`: TRUE
── Failure ('test-largeScaleCharacteristics.R:8:3'): basic functionality summariseCodelist ──
Expected `summariseCharacteristicsFromCodelist(cdm[["cohort1"]], conceptSet = conceptSet)` to run without any errors.
i Actually got a <vctrs_error_subscript_oob> with text:
Can't select columns that don't exist.
x Column `result_type` doesn't exist.
── Failure ('test-largeScaleCharacteristics.R:14:3'): basic functionality summariseCodelist ──
Expected `summariseCharacteristicsFromCodelist(...)` to run without any errors.
i Actually got a <vctrs_error_subscript_oob> with text:
Can't select columns that don't exist.
x Column `result_type` doesn't exist.
[ FAIL 3 | WARN 71 | SKIP 20 | PASS 154 ]
Error: Test failures
Execution halted
Flavor: r-devel-linux-x86_64-fedora-gcc
Version: 0.5.3
Check: tests
Result: ERROR
Running 'testthat.R' [137s]
Running the tests in 'tests/testthat.R' failed.
Complete output:
> # This file is part of the standard setup for testthat.
> # It is recommended that you do not modify it.
> #
> # Where should you do additional test configuration?
> # Learn more about the roles of various files in:
> # * https://r-pkgs.org/tests.html
> # * https://testthat.r-lib.org/reference/test_package.html#special-files
>
> library(testthat)
> library(DrugUtilisation)
>
> test_check("DrugUtilisation")
Starting 2 test processes
[ FAIL 3 | WARN 71 | SKIP 20 | PASS 154 ]
══ Skipped tests (20) ══════════════════════════════════════════════════════════
• On CRAN (19): 'test-benchmarkDUS.R:2:3', 'test-dailyDose.R:2:3',
'test-generateDrugUtilisationCohortSet.R:48:3',
'test-generateDrugUtilisationCohortSet.R:147:3',
'test-generateDrugUtilisationCohortSet.R:203:3',
'test-generateDrugUtilisationCohortSet.R:253:3',
'test-generateDrugUtilisationCohortSet.R:349:3', 'test-drugUse.R:2:3',
'test-drugUse.R:40:3', 'test-drugUse.R:254:3', 'test-drugUse.R:455:3',
'test-drugUse.R:597:3', 'test-drugUse.R:847:3', 'test-drugUse.R:868:3',
'test-drugUse.R:914:3', 'test-indication.R:3:3', 'test-indication.R:185:3',
'test-indication.R:339:3', 'test-indication.R:464:3'
• empty test (1): 'test-generateConceptCohortSet.R:1:1'
══ Failed tests ════════════════════════════════════════════════════════════════
── Failure ('test-indication.R:648:3'): summariseIndication ────────────────────
grepl("summarised_indication", unique(result$result_type)) is not TRUE
`actual`:
`expected`: TRUE
── Failure ('test-largeScaleCharacteristics.R:8:3'): basic functionality summariseCodelist ──
Expected `summariseCharacteristicsFromCodelist(cdm[["cohort1"]], conceptSet = conceptSet)` to run without any errors.
i Actually got a <vctrs_error_subscript_oob> with text:
Can't select columns that don't exist.
x Column `result_type` doesn't exist.
── Failure ('test-largeScaleCharacteristics.R:14:3'): basic functionality summariseCodelist ──
Expected `summariseCharacteristicsFromCodelist(...)` to run without any errors.
i Actually got a <vctrs_error_subscript_oob> with text:
Can't select columns that don't exist.
x Column `result_type` doesn't exist.
[ FAIL 3 | WARN 71 | SKIP 20 | PASS 154 ]
Error: Test failures
Execution halted
Flavor: r-devel-windows-x86_64
Version: 0.5.3
Check: tests
Result: ERROR
Running ‘testthat.R’ [414s/243s]
Running the tests in ‘tests/testthat.R’ failed.
Complete output:
> # This file is part of the standard setup for testthat.
> # It is recommended that you do not modify it.
> #
> # Where should you do additional test configuration?
> # Learn more about the roles of various files in:
> # * https://r-pkgs.org/tests.html
> # * https://testthat.r-lib.org/reference/test_package.html#special-files
>
> library(testthat)
> library(DrugUtilisation)
>
> test_check("DrugUtilisation")
Starting 2 test processes
[ FAIL 3 | WARN 71 | SKIP 20 | PASS 154 ]
══ Skipped tests (20) ══════════════════════════════════════════════════════════
• On CRAN (19): 'test-benchmarkDUS.R:2:3', 'test-dailyDose.R:2:3',
'test-generateDrugUtilisationCohortSet.R:48:3',
'test-generateDrugUtilisationCohortSet.R:147:3',
'test-generateDrugUtilisationCohortSet.R:203:3',
'test-generateDrugUtilisationCohortSet.R:253:3',
'test-generateDrugUtilisationCohortSet.R:349:3', 'test-drugUse.R:2:3',
'test-drugUse.R:40:3', 'test-drugUse.R:254:3', 'test-drugUse.R:455:3',
'test-drugUse.R:597:3', 'test-drugUse.R:847:3', 'test-drugUse.R:868:3',
'test-drugUse.R:914:3', 'test-indication.R:3:3', 'test-indication.R:185:3',
'test-indication.R:339:3', 'test-indication.R:464:3'
• empty test (1): 'test-generateConceptCohortSet.R:1:1'
══ Failed tests ════════════════════════════════════════════════════════════════
── Failure ('test-indication.R:648:3'): summariseIndication ────────────────────
grepl("summarised_indication", unique(result$result_type)) is not TRUE
`actual`:
`expected`: TRUE
── Failure ('test-largeScaleCharacteristics.R:8:3'): basic functionality summariseCodelist ──
Expected `summariseCharacteristicsFromCodelist(cdm[["cohort1"]], conceptSet = conceptSet)` to run without any errors.
i Actually got a <vctrs_error_subscript_oob> with text:
Can't select columns that don't exist.
x Column `result_type` doesn't exist.
── Failure ('test-largeScaleCharacteristics.R:14:3'): basic functionality summariseCodelist ──
Expected `summariseCharacteristicsFromCodelist(...)` to run without any errors.
i Actually got a <vctrs_error_subscript_oob> with text:
Can't select columns that don't exist.
x Column `result_type` doesn't exist.
[ FAIL 3 | WARN 71 | SKIP 20 | PASS 154 ]
Error: Test failures
Execution halted
Flavor: r-patched-linux-x86_64
Version: 0.5.3
Check: tests
Result: ERROR
Running 'testthat.R' [207s]
Running the tests in 'tests/testthat.R' failed.
Complete output:
> # This file is part of the standard setup for testthat.
> # It is recommended that you do not modify it.
> #
> # Where should you do additional test configuration?
> # Learn more about the roles of various files in:
> # * https://r-pkgs.org/tests.html
> # * https://testthat.r-lib.org/reference/test_package.html#special-files
>
> library(testthat)
> library(DrugUtilisation)
>
> test_check("DrugUtilisation")
Starting 2 test processes
[ FAIL 3 | WARN 71 | SKIP 20 | PASS 154 ]
══ Skipped tests (20) ══════════════════════════════════════════════════════════
• On CRAN (19): 'test-benchmarkDUS.R:2:3', 'test-dailyDose.R:2:3',
'test-generateDrugUtilisationCohortSet.R:48:3',
'test-generateDrugUtilisationCohortSet.R:147:3',
'test-generateDrugUtilisationCohortSet.R:203:3',
'test-generateDrugUtilisationCohortSet.R:253:3',
'test-generateDrugUtilisationCohortSet.R:349:3', 'test-drugUse.R:2:3',
'test-drugUse.R:40:3', 'test-drugUse.R:254:3', 'test-drugUse.R:455:3',
'test-drugUse.R:597:3', 'test-drugUse.R:847:3', 'test-drugUse.R:868:3',
'test-drugUse.R:914:3', 'test-indication.R:3:3', 'test-indication.R:185:3',
'test-indication.R:339:3', 'test-indication.R:464:3'
• empty test (1): 'test-generateConceptCohortSet.R:1:1'
══ Failed tests ════════════════════════════════════════════════════════════════
── Failure ('test-indication.R:648:3'): summariseIndication ────────────────────
grepl("summarised_indication", unique(result$result_type)) is not TRUE
`actual`:
`expected`: TRUE
── Failure ('test-largeScaleCharacteristics.R:8:3'): basic functionality summariseCodelist ──
Expected `summariseCharacteristicsFromCodelist(cdm[["cohort1"]], conceptSet = conceptSet)` to run without any errors.
i Actually got a <vctrs_error_subscript_oob> with text:
Can't select columns that don't exist.
x Column `result_type` doesn't exist.
── Failure ('test-largeScaleCharacteristics.R:14:3'): basic functionality summariseCodelist ──
Expected `summariseCharacteristicsFromCodelist(...)` to run without any errors.
i Actually got a <vctrs_error_subscript_oob> with text:
Can't select columns that don't exist.
x Column `result_type` doesn't exist.
[ FAIL 3 | WARN 71 | SKIP 20 | PASS 154 ]
Error: Test failures
Execution halted
Flavor: r-oldrel-windows-x86_64