Last updated on 2024-05-04 13:49:04 CEST.
Flavor | Version | Tinstall | Tcheck | Ttotal | Status | Flags |
---|---|---|---|---|---|---|
r-devel-linux-x86_64-debian-clang | 0.2.13 | 5.59 | 46.83 | 52.42 | NOTE | |
r-devel-linux-x86_64-debian-gcc | 0.2.13 | 4.12 | 34.72 | 38.84 | NOTE | |
r-devel-linux-x86_64-fedora-clang | 0.2.13 | 65.08 | NOTE | |||
r-devel-linux-x86_64-fedora-gcc | 0.2.13 | 73.61 | NOTE | |||
r-devel-windows-x86_64 | 0.2.13 | 6.00 | 60.00 | 66.00 | NOTE | |
r-patched-linux-x86_64 | 0.2.13 | 4.70 | 44.39 | 49.09 | NOTE | |
r-release-linux-x86_64 | 0.2.13 | 5.40 | 44.55 | 49.95 | NOTE | |
r-release-macos-arm64 | 0.2.13 | 31.00 | NOTE | |||
r-release-windows-x86_64 | 0.2.13 | 6.00 | 57.00 | 63.00 | NOTE | |
r-oldrel-macos-arm64 | 0.2.13 | 28.00 | NOTE | |||
r-oldrel-macos-x86_64 | 0.2.13 | 44.00 | NOTE | |||
r-oldrel-windows-x86_64 | 0.2.13 | 7.00 | 61.00 | 68.00 | NOTE |
Version: 0.2.13
Check: LazyData
Result: NOTE
'LazyData' is specified without a 'data' directory
Flavors: r-devel-linux-x86_64-debian-clang, r-devel-linux-x86_64-debian-gcc, r-devel-linux-x86_64-fedora-clang, r-devel-linux-x86_64-fedora-gcc, r-devel-windows-x86_64, r-patched-linux-x86_64, r-release-linux-x86_64, r-release-macos-arm64, r-release-windows-x86_64, r-oldrel-macos-arm64, r-oldrel-macos-x86_64, r-oldrel-windows-x86_64